CRAN Package Check Results for Package funprog

Last updated on 2021-09-21 07:50:08 CEST.

Flavor Version Tinstall Tcheck Ttotal Status Flags
r-devel-linux-x86_64-debian-clang 0.3.0 2.07 23.39 25.46 NOTE
r-devel-linux-x86_64-debian-gcc 0.3.0 1.50 18.40 19.90 NOTE
r-devel-linux-x86_64-fedora-clang 0.3.0 39.50 NOTE
r-devel-linux-x86_64-fedora-gcc 0.3.0 29.26 NOTE
r-devel-windows-x86_64 0.3.0 4.00 28.00 32.00 NOTE
r-devel-windows-x86_64-gcc10-UCRT 0.3.0 ERROR
r-patched-linux-x86_64 0.3.0 1.94 22.75 24.69 NOTE
r-patched-solaris-x86 0.3.0 44.90 NOTE
r-release-linux-x86_64 0.3.0 2.03 22.81 24.84 NOTE
r-release-macos-arm64 0.3.0 NOTE
r-release-macos-x86_64 0.3.0 NOTE
r-release-windows-ix86+x86_64 0.3.0 5.00 28.00 33.00 NOTE
r-oldrel-macos-x86_64 0.3.0 OK
r-oldrel-windows-ix86+x86_64 0.3.0 5.00 30.00 35.00 OK

Check Details

Version: 0.3.0
Check: LazyData
Result: NOTE
     'LazyData' is specified without a 'data' directory
Flavors: r-devel-linux-x86_64-debian-clang, r-devel-linux-x86_64-debian-gcc, r-devel-linux-x86_64-fedora-clang, r-devel-linux-x86_64-fedora-gcc, r-devel-windows-x86_64, r-devel-windows-x86_64-gcc10-UCRT, r-patched-linux-x86_64, r-patched-solaris-x86, r-release-linux-x86_64, r-release-macos-arm64, r-release-macos-x86_64, r-release-windows-ix86+x86_64

Version: 0.3.0
Check: whether package can be installed
Result: WARN
    Found the following significant warnings:
     WARNING: installation-time patches will not be applied, could not get the patches index
Flavor: r-devel-windows-x86_64-gcc10-UCRT

Version: 0.3.0
Check: PDF version of manual
Result: WARN
    LaTeX errors when creating PDF version.
    This typically indicates Rd problems.
Flavor: r-devel-windows-x86_64-gcc10-UCRT

Version: 0.3.0
Check: PDF version of manual without hyperrefs or index
Result: ERROR
    Re-running with no redirection of stdout/stderr.
Flavor: r-devel-windows-x86_64-gcc10-UCRT