Last updated on 2023-03-30 03:52:34 CEST.
Flavor | Version | Tinstall | Tcheck | Ttotal | Status | Flags |
---|---|---|---|---|---|---|
r-devel-linux-x86_64-debian-clang | 0.3.0 | 8.41 | 171.53 | 179.94 | OK | |
r-devel-linux-x86_64-debian-gcc | 0.3.0 | 6.20 | 127.67 | 133.87 | OK | |
r-devel-linux-x86_64-fedora-clang | 0.3.0 | 219.02 | NOTE | |||
r-devel-linux-x86_64-fedora-gcc | 0.3.0 | 260.63 | NOTE | |||
r-devel-windows-x86_64 | 0.3.0 | 90.00 | 202.00 | 292.00 | OK | |
r-patched-linux-x86_64 | 0.3.0 | 15.38 | 160.23 | 175.61 | OK | |
r-release-linux-x86_64 | 0.3.0 | 8.88 | 165.79 | 174.67 | OK | |
r-release-macos-arm64 | 0.3.0 | 63.00 | OK | |||
r-release-macos-x86_64 | 0.3.0 | 97.00 | OK | |||
r-release-windows-x86_64 | 0.3.0 | 71.00 | 214.00 | 285.00 | OK | |
r-oldrel-macos-arm64 | 0.3.0 | 68.00 | OK | |||
r-oldrel-macos-x86_64 | 0.3.0 | 103.00 | OK | |||
r-oldrel-windows-ix86+x86_64 | 0.3.0 | 22.00 | 216.00 | 238.00 | OK |
Version: 0.3.0
Check: data for non-ASCII characters
Result: NOTE
Note: found 36 marked UTF-8 strings
Flavors: r-devel-linux-x86_64-fedora-clang, r-devel-linux-x86_64-fedora-gcc