Last updated on 2021-03-07 19:48:55 CET.
Flavor | Version | Tinstall | Tcheck | Ttotal | Status | Flags |
---|---|---|---|---|---|---|
r-devel-linux-x86_64-debian-clang | 1.96.3 | 14.53 | 149.82 | 164.35 | OK | |
r-devel-linux-x86_64-debian-gcc | 1.96.3 | 12.35 | 109.75 | 122.10 | OK | |
r-devel-linux-x86_64-fedora-clang | 1.96.3 | 205.26 | NOTE | |||
r-devel-linux-x86_64-fedora-gcc | 1.96.3 | 188.91 | NOTE | |||
r-devel-windows-ix86+x86_64 | 1.96.3 | 26.00 | 186.00 | 212.00 | OK | |
r-devel-windows-x86_64-gcc10-UCRT | 1.96.3 | NOTE | ||||
r-patched-linux-x86_64 | 1.96.3 | 16.17 | 135.67 | 151.84 | OK | |
r-patched-solaris-x86 | 1.96.3 | 235.10 | NOTE | |||
r-release-linux-x86_64 | 1.96.3 | 16.39 | 134.96 | 151.35 | OK | |
r-release-macos-x86_64 | 1.96.3 | NOTE | ||||
r-release-windows-ix86+x86_64 | 1.96.3 | 20.00 | 162.00 | 182.00 | OK | |
r-oldrel-macos-x86_64 | 1.96.3 | NOTE | ||||
r-oldrel-windows-ix86+x86_64 | 1.96.3 | 18.00 | 135.00 | 153.00 | OK |
Version: 1.96.3
Check: data for non-ASCII characters
Result: NOTE
Note: found 1 marked UTF-8 string
Flavors: r-devel-linux-x86_64-fedora-clang, r-devel-linux-x86_64-fedora-gcc, r-devel-windows-x86_64-gcc10-UCRT, r-patched-solaris-x86, r-release-macos-x86_64, r-oldrel-macos-x86_64