CRAN Package Check Results for Package functools

Last updated on 2021-06-20 07:50:08 CEST.

Flavor Version Tinstall Tcheck Ttotal Status Flags
r-devel-linux-x86_64-debian-clang 0.2.0 1.95 26.04 27.99 NOTE
r-devel-linux-x86_64-debian-gcc 0.2.0 1.61 20.18 21.79 NOTE
r-devel-linux-x86_64-fedora-clang 0.2.0 43.64 NOTE
r-devel-linux-x86_64-fedora-gcc 0.2.0 32.89 NOTE
r-devel-windows-x86_64 0.2.0 4.00 30.00 34.00 NOTE
r-devel-windows-x86_64-gcc10-UCRT 0.2.0 NOTE
r-patched-linux-x86_64 0.2.0 2.55 25.19 27.74 NOTE
r-patched-solaris-x86 0.2.0 48.80 NOTE
r-release-linux-x86_64 0.2.0 1.96 25.20 27.16 NOTE
r-release-macos-arm64 0.2.0 NOTE
r-release-macos-x86_64 0.2.0 NOTE
r-release-windows-ix86+x86_64 0.2.0 5.00 41.00 46.00 NOTE
r-oldrel-macos-x86_64 0.2.0 OK
r-oldrel-windows-ix86+x86_64 0.2.0 4.00 42.00 46.00 OK

Check Details

Version: 0.2.0
Check: LazyData
Result: NOTE
     'LazyData' is specified without a 'data' directory
Flavors: r-devel-linux-x86_64-debian-clang, r-devel-linux-x86_64-debian-gcc, r-devel-linux-x86_64-fedora-clang, r-devel-linux-x86_64-fedora-gcc, r-devel-windows-x86_64, r-devel-windows-x86_64-gcc10-UCRT, r-patched-linux-x86_64, r-patched-solaris-x86, r-release-linux-x86_64, r-release-macos-arm64, r-release-macos-x86_64, r-release-windows-ix86+x86_64