CRAN Package Check Results for Package funFEM

Last updated on 2023-05-29 11:56:54 CEST.

Flavor Version Tinstall Tcheck Ttotal Status Flags
r-devel-linux-x86_64-debian-clang 1.2 8.42 86.64 95.06 OK
r-devel-linux-x86_64-debian-gcc 1.2 5.81 66.18 71.99 OK
r-devel-linux-x86_64-fedora-clang 1.2 125.69 NOTE
r-devel-linux-x86_64-fedora-gcc 1.2 122.17 NOTE
r-devel-windows-x86_64 1.2 11.00 86.00 97.00 OK
r-patched-linux-x86_64 1.2 9.19 80.85 90.04 OK
r-release-linux-x86_64 1.2 6.70 80.97 87.67 OK
r-release-macos-arm64 1.2 39.00 OK
r-release-macos-x86_64 1.2 62.00 OK
r-release-windows-x86_64 1.2 14.00 99.00 113.00 OK
r-oldrel-macos-arm64 1.2 38.00 NOTE
r-oldrel-macos-x86_64 1.2 61.00 NOTE
r-oldrel-windows-x86_64 1.2 12.00 99.00 111.00 OK

Check Details

Version: 1.2
Check: data for non-ASCII characters
Result: NOTE
     Note: found 120 marked UTF-8 strings
Flavors: r-devel-linux-x86_64-fedora-clang, r-devel-linux-x86_64-fedora-gcc, r-oldrel-macos-arm64, r-oldrel-macos-x86_64