CRAN Package Check Results for Package funFEM

Last updated on 2024-02-20 23:53:54 CET.

Flavor Version Tinstall Tcheck Ttotal Status Flags
r-devel-linux-x86_64-debian-clang 1.2 OK
r-devel-linux-x86_64-debian-gcc 1.2 8.48 63.00 71.48 OK
r-devel-linux-x86_64-fedora-clang 1.2 119.46 NOTE
r-devel-linux-x86_64-fedora-gcc 1.2 110.64 NOTE
r-devel-windows-x86_64 1.2 10.00 84.00 94.00 OK
r-patched-linux-x86_64 1.2 6.44 82.51 88.95 OK
r-release-linux-x86_64 1.2 6.70 82.20 88.90 OK
r-release-macos-arm64 1.2 39.00 OK
r-release-macos-x86_64 1.2 62.00 OK
r-release-windows-x86_64 1.2 13.00 97.00 110.00 OK
r-oldrel-macos-arm64 1.2 38.00 NOTE
r-oldrel-windows-x86_64 1.2 12.00 98.00 110.00 OK

Check Details

Version: 1.2
Check: data for non-ASCII characters
Result: NOTE Note: found 120 marked UTF-8 strings Flavors: r-devel-linux-x86_64-fedora-clang, r-devel-linux-x86_64-fedora-gcc, r-oldrel-macos-arm64