Last updated on 2021-02-25 11:47:25 CET.
Flavor | Version | Tinstall | Tcheck | Ttotal | Status | Flags |
---|---|---|---|---|---|---|
r-devel-linux-x86_64-debian-clang | 0.1.6 | 48.73 | 157.53 | 206.26 | OK | |
r-devel-linux-x86_64-debian-gcc | 0.1.6 | 39.32 | 114.53 | 153.85 | OK | |
r-devel-linux-x86_64-fedora-clang | 0.1.6 | 258.95 | NOTE | |||
r-devel-linux-x86_64-fedora-gcc | 0.1.6 | 249.86 | OK | |||
r-devel-windows-ix86+x86_64 | 0.1.6 | 67.00 | 190.00 | 257.00 | OK | |
r-patched-linux-x86_64 | 0.1.6 | 44.37 | 145.45 | 189.82 | OK | |
r-patched-solaris-x86 | 0.1.6 | 283.90 | OK | |||
r-release-linux-x86_64 | 0.1.6 | 40.50 | 147.52 | 188.02 | OK | |
r-release-macos-x86_64 | 0.1.6 | NOTE | ||||
r-release-windows-ix86+x86_64 | 0.1.6 | 94.00 | 280.00 | 374.00 | OK | |
r-oldrel-macos-x86_64 | 0.1.6 | NOTE | ||||
r-oldrel-windows-ix86+x86_64 | 0.1.6 | 59.00 | 234.00 | 293.00 | OK |
Version: 0.1.6
Check: installed package size
Result: NOTE
installed size is 13.9Mb
sub-directories of 1Mb or more:
libs 13.1Mb
Flavors: r-devel-linux-x86_64-fedora-clang, r-release-macos-x86_64, r-oldrel-macos-x86_64