CRAN Package Check Results for Package frequentdirections

Last updated on 2022-01-27 04:05:22 CET.

Flavor Version Tinstall Tcheck Ttotal Status Flags
r-devel-linux-x86_64-debian-clang 0.1.0 2.14 34.14 36.28 NOTE
r-devel-linux-x86_64-debian-gcc 0.1.0 1.66 26.10 27.76 NOTE
r-devel-linux-x86_64-fedora-clang 0.1.0 43.99 NOTE
r-devel-linux-x86_64-fedora-gcc 0.1.0 32.07 NOTE
r-devel-windows-x86_64-new-UL 0.1.0 66.00 56.00 122.00 NOTE
r-devel-windows-x86_64-new-TK 0.1.0 NOTE
r-patched-linux-x86_64 0.1.0 2.17 31.78 33.95 NOTE
r-release-linux-x86_64 0.1.0 1.65 31.36 33.01 NOTE
r-release-macos-arm64 0.1.0 NOTE
r-release-macos-x86_64 0.1.0 NOTE
r-release-windows-ix86+x86_64 0.1.0 6.00 43.00 49.00 NOTE
r-oldrel-macos-x86_64 0.1.0 OK
r-oldrel-windows-ix86+x86_64 0.1.0 8.00 42.00 50.00 OK

Check Details

Version: 0.1.0
Check: LazyData
Result: NOTE
     'LazyData' is specified without a 'data' directory
Flavors: r-devel-linux-x86_64-debian-clang, r-devel-linux-x86_64-debian-gcc, r-devel-linux-x86_64-fedora-clang, r-devel-linux-x86_64-fedora-gcc, r-devel-windows-x86_64-new-UL, r-devel-windows-x86_64-new-TK, r-patched-linux-x86_64, r-release-linux-x86_64, r-release-macos-arm64, r-release-macos-x86_64, r-release-windows-ix86+x86_64