CRAN Package Check Results for Package frailtypack

Last updated on 2021-02-25 19:46:34 CET.

Flavor Version Tinstall Tcheck Ttotal Status Flags
r-devel-linux-x86_64-debian-clang 3.3.2 192.85 258.82 451.67 OK
r-devel-linux-x86_64-debian-gcc 3.3.2 180.35 185.93 366.28 OK
r-devel-linux-x86_64-fedora-clang 3.3.2 662.58 NOTE
r-devel-linux-x86_64-fedora-gcc 3.3.2 647.48 OK
r-devel-windows-ix86+x86_64 3.3.2 389.00 257.00 646.00 NOTE
r-patched-linux-x86_64 3.3.2 196.98 229.77 426.75 OK
r-patched-solaris-x86 3.3.2 1113.80 NOTE
r-release-linux-x86_64 3.3.2 195.00 228.96 423.96 OK
r-release-macos-x86_64 3.3.2 NOTE
r-release-windows-ix86+x86_64 3.3.2 539.00 353.00 892.00 NOTE
r-oldrel-macos-x86_64 3.3.2 NOTE
r-oldrel-windows-ix86+x86_64 3.3.2 393.00 325.00 718.00 NOTE

Check Details

Version: 3.3.2
Check: installed package size
Result: NOTE
     installed size is 11.3Mb
     sub-directories of 1Mb or more:
     R 1.1Mb
     help 1.8Mb
     libs 6.8Mb
Flavors: r-devel-linux-x86_64-fedora-clang, r-devel-windows-ix86+x86_64, r-patched-solaris-x86, r-release-macos-x86_64, r-release-windows-ix86+x86_64, r-oldrel-macos-x86_64, r-oldrel-windows-ix86+x86_64