CRAN Package Check Results for Package forward

Last updated on 2024-07-24 15:51:36 CEST.

Flavor Version Tinstall Tcheck Ttotal Status Flags
r-devel-linux-x86_64-debian-clang 1.0.6 6.18 50.07 56.25 OK
r-devel-linux-x86_64-debian-gcc 1.0.6 4.08 37.34 41.42 NOTE
r-devel-linux-x86_64-fedora-clang 1.0.6 73.95 OK
r-devel-linux-x86_64-fedora-gcc 1.0.6 64.63 OK
r-devel-windows-x86_64 1.0.6 5.00 64.00 69.00 NOTE
r-patched-linux-x86_64 1.0.6 5.07 48.08 53.15 OK
r-release-linux-x86_64 1.0.6 3.84 47.87 51.71 OK
r-release-macos-arm64 1.0.6 24.00 OK
r-release-macos-x86_64 1.0.6 37.00 OK
r-release-windows-x86_64 1.0.6 5.00 62.00 67.00 OK
r-oldrel-macos-arm64 1.0.6 25.00 OK
r-oldrel-macos-x86_64 1.0.6 35.00 OK
r-oldrel-windows-x86_64 1.0.6 5.00 69.00 74.00 OK

Check Details

Version: 1.0.6
Check: Rd cross-references
Result: NOTE Found the following Rd file(s) with Rd \link{} targets missing package anchors: fwdlm.Rd: lmsreg fwdsco.Rd: lmsreg lmsglm.Rd: lmsreg Please provide package anchors for all Rd \link{} targets not in the package itself and the base packages. Flavors: r-devel-linux-x86_64-debian-gcc, r-devel-windows-x86_64