CRAN Package Check Results for Package forestecology

Last updated on 2021-06-21 07:48:43 CEST.

Flavor Version Tinstall Tcheck Ttotal Status Flags
r-devel-linux-x86_64-debian-clang 0.1.0 11.64 124.86 136.50 OK
r-devel-linux-x86_64-debian-gcc 0.1.0 8.02 90.68 98.70 OK
r-devel-linux-x86_64-fedora-clang 0.1.0 169.32 NOTE
r-devel-linux-x86_64-fedora-gcc 0.1.0 155.75 NOTE
r-devel-windows-x86_64 0.1.0 16.00 112.00 128.00 OK
r-devel-windows-x86_64-gcc10-UCRT 0.1.0 NOTE
r-patched-linux-x86_64 0.1.0 11.19 113.13 124.32 OK
r-patched-solaris-x86 0.1.0 215.70 NOTE
r-release-linux-x86_64 0.1.0 8.83 113.73 122.56 OK
r-release-macos-arm64 0.1.0 NOTE
r-release-macos-x86_64 0.1.0 NOTE
r-release-windows-ix86+x86_64 0.1.0 23.00 154.00 177.00 OK
r-oldrel-macos-x86_64 0.1.0 NOTE

Check Details

Version: 0.1.0
Check: dependencies in R code
Result: NOTE
    Namespaces in Imports field not imported from:
     ‘blockCV’ ‘patchwork’ ‘proxy’
     All declared Imports should be used.
Flavors: r-devel-linux-x86_64-fedora-clang, r-devel-linux-x86_64-fedora-gcc, r-devel-windows-x86_64-gcc10-UCRT, r-patched-solaris-x86, r-release-macos-arm64, r-release-macos-x86_64, r-oldrel-macos-x86_64