CRAN Package Check Results for Package forecastSNSTS

Last updated on 2022-05-24 23:53:07 CEST.

Flavor Version Tinstall Tcheck Ttotal Status Flags
r-devel-linux-x86_64-debian-clang 1.3-0 34.01 43.72 77.73 NOTE
r-devel-linux-x86_64-debian-gcc 1.3-0 28.99 33.81 62.80 NOTE
r-devel-linux-x86_64-fedora-clang 1.3-0 111.65 NOTE
r-devel-linux-x86_64-fedora-gcc 1.3-0 98.07 NOTE
r-devel-windows-x86_64 1.3-0 48.00 84.00 132.00 NOTE
r-patched-linux-x86_64 1.3-0 30.70 43.21 73.91 NOTE
r-release-linux-x86_64 1.3-0 NOTE
r-release-macos-arm64 1.3-0 29.00 NOTE
r-release-macos-x86_64 1.3-0 40.00 NOTE
r-release-windows-x86_64 1.3-0 49.00 83.00 132.00 NOTE
r-oldrel-macos-arm64 1.3-0 32.00 NOTE
r-oldrel-macos-x86_64 1.3-0 50.00 NOTE
r-oldrel-windows-ix86+x86_64 1.3-0 87.00 81.00 168.00 NOTE

Check Details

Version: 1.3-0
Check: LazyData
Result: NOTE
     'LazyData' is specified without a 'data' directory
Flavors: r-devel-linux-x86_64-debian-clang, r-devel-linux-x86_64-debian-gcc, r-devel-linux-x86_64-fedora-clang, r-devel-linux-x86_64-fedora-gcc, r-devel-windows-x86_64, r-patched-linux-x86_64, r-release-linux-x86_64, r-release-macos-arm64, r-release-macos-x86_64, r-release-windows-x86_64, r-oldrel-macos-arm64, r-oldrel-macos-x86_64, r-oldrel-windows-ix86+x86_64