Last updated on 2021-01-18 07:48:22 CET.
Flavor | Version | Tinstall | Tcheck | Ttotal | Status | Flags |
---|---|---|---|---|---|---|
r-devel-linux-x86_64-debian-clang | 8.13 | 135.50 | 379.80 | 515.30 | OK | |
r-devel-linux-x86_64-debian-gcc | 8.13 | 92.73 | 265.90 | 358.63 | OK | |
r-devel-linux-x86_64-fedora-clang | 8.13 | 629.73 | NOTE | |||
r-devel-linux-x86_64-fedora-gcc | 8.13 | 605.38 | OK | |||
r-devel-windows-ix86+x86_64 | 8.13 | 206.00 | 672.00 | 878.00 | OK | |
r-patched-linux-x86_64 | 8.13 | 105.40 | 348.89 | 454.29 | OK | |
r-patched-solaris-x86 | 8.13 | 678.60 | OK | |||
r-release-linux-x86_64 | 8.13 | 104.78 | 347.64 | 452.42 | WARN | |
r-release-macos-x86_64 | 8.13 | OK | ||||
r-release-windows-ix86+x86_64 | 8.13 | 234.00 | 673.00 | 907.00 | OK | |
r-oldrel-macos-x86_64 | 8.13 | OK | ||||
r-oldrel-windows-ix86+x86_64 | 8.13 | 264.00 | 723.00 | 987.00 | OK |
Version: 8.13
Check: installed package size
Result: NOTE
installed size is 6.1Mb
sub-directories of 1Mb or more:
libs 4.3Mb
Flavor: r-devel-linux-x86_64-fedora-clang
Version: 8.13
Check: re-building of vignette outputs
Result: WARN
Error(s) in re-building vignettes:
...
--- re-building ‘JSS2008.Rmd’ using rmarkdown
! Undefined control sequence.
\hyper@linkurl ...tionraw >>}\relax \Hy@colorlink
\@urlcolor #1\Hy@xspace@en...
l.76 \begin{document}
Error: processing vignette 'JSS2008.Rmd' failed with diagnostics:
LaTeX failed to compile /home/hornik/tmp/R.check/r-release-gcc/Work/PKGS/forecast.Rcheck/vign_test/forecast/vignettes/JSS2008.tex. See https://yihui.org/tinytex/r/#debugging for debugging tips. See JSS2008.log for more info.
--- failed re-building ‘JSS2008.Rmd’
SUMMARY: processing the following file failed:
‘JSS2008.Rmd’
Error: Vignette re-building failed.
Execution halted
Flavor: r-release-linux-x86_64