Last updated on 2022-06-28 19:54:59 CEST.
Flavor | Version | Tinstall | Tcheck | Ttotal | Status | Flags |
---|---|---|---|---|---|---|
r-devel-linux-x86_64-debian-clang | 1.1.0 | 2.11 | 22.66 | 24.77 | OK | |
r-devel-linux-x86_64-debian-gcc | 1.1.0 | 1.96 | 17.93 | 19.89 | OK | |
r-devel-linux-x86_64-fedora-clang | 1.1.0 | 42.12 | NOTE | |||
r-devel-linux-x86_64-fedora-gcc | 1.1.0 | 40.80 | NOTE | |||
r-devel-windows-x86_64 | 1.1.0 | 20.00 | 45.00 | 65.00 | OK | |
r-patched-linux-x86_64 | 1.1.0 | 2.22 | 22.23 | 24.45 | OK | |
r-release-linux-x86_64 | 1.1.0 | 2.21 | 22.32 | 24.53 | OK | |
r-release-macos-arm64 | 1.1.0 | 15.00 | NOTE | |||
r-release-macos-x86_64 | 1.1.0 | 25.00 | NOTE | |||
r-release-windows-x86_64 | 1.1.0 | 19.00 | 46.00 | 65.00 | OK | |
r-oldrel-macos-arm64 | 1.1.0 | 14.00 | NOTE | |||
r-oldrel-macos-x86_64 | 1.1.0 | 22.00 | NOTE | |||
r-oldrel-windows-ix86+x86_64 | 1.1.0 | 5.00 | 37.00 | 42.00 | OK |
Version: 1.1.0
Check: data for non-ASCII characters
Result: NOTE
Note: found 46 marked UTF-8 strings
Flavors: r-devel-linux-x86_64-fedora-clang, r-devel-linux-x86_64-fedora-gcc, r-release-macos-arm64, r-release-macos-x86_64, r-oldrel-macos-arm64, r-oldrel-macos-x86_64