CRAN Package Check Results for Package focusedMDS

Last updated on 2021-09-21 15:50:52 CEST.

Flavor Version Tinstall Tcheck Ttotal Status Flags
r-devel-linux-x86_64-debian-clang 1.3.3 2.34 24.28 26.62 NOTE
r-devel-linux-x86_64-debian-gcc 1.3.3 1.82 19.35 21.17 NOTE
r-devel-linux-x86_64-fedora-clang 1.3.3 41.10 NOTE
r-devel-linux-x86_64-fedora-gcc 1.3.3 30.39 NOTE
r-devel-windows-x86_64 1.3.3 3.00 31.00 34.00 NOTE
r-devel-windows-x86_64-gcc10-UCRT 1.3.3 ERROR
r-patched-linux-x86_64 1.3.3 2.40 23.61 26.01 NOTE
r-patched-solaris-x86 1.3.3 50.00 NOTE
r-release-linux-x86_64 1.3.3 2.28 23.56 25.84 NOTE
r-release-macos-arm64 1.3.3 NOTE
r-release-macos-x86_64 1.3.3 NOTE
r-release-windows-ix86+x86_64 1.3.3 6.00 30.00 36.00 NOTE
r-oldrel-macos-x86_64 1.3.3 OK
r-oldrel-windows-ix86+x86_64 1.3.3 6.00 42.00 48.00 OK

Check Details

Version: 1.3.3
Check: LazyData
Result: NOTE
     'LazyData' is specified without a 'data' directory
Flavors: r-devel-linux-x86_64-debian-clang, r-devel-linux-x86_64-debian-gcc, r-devel-linux-x86_64-fedora-clang, r-devel-linux-x86_64-fedora-gcc, r-devel-windows-x86_64, r-devel-windows-x86_64-gcc10-UCRT, r-patched-linux-x86_64, r-patched-solaris-x86, r-release-linux-x86_64, r-release-macos-arm64, r-release-macos-x86_64, r-release-windows-ix86+x86_64

Version: 1.3.3
Check: whether package can be installed
Result: WARN
    Found the following significant warnings:
     WARNING: installation-time patches will not be applied, could not get the patches index
Flavor: r-devel-windows-x86_64-gcc10-UCRT

Version: 1.3.3
Check: PDF version of manual
Result: WARN
    LaTeX errors when creating PDF version.
    This typically indicates Rd problems.
Flavor: r-devel-windows-x86_64-gcc10-UCRT

Version: 1.3.3
Check: PDF version of manual without hyperrefs or index
Result: ERROR
    Re-running with no redirection of stdout/stderr.
Flavor: r-devel-windows-x86_64-gcc10-UCRT