CRAN Package Check Results for Package flow

Last updated on 2021-11-27 19:49:33 CET.

Flavor Version Tinstall Tcheck Ttotal Status Flags
r-devel-linux-x86_64-debian-clang 0.0.2 OK
r-devel-linux-x86_64-debian-gcc 0.0.2 3.42 35.59 39.01 OK
r-devel-linux-x86_64-fedora-clang 0.0.2 74.92 NOTE
r-devel-linux-x86_64-fedora-gcc 0.0.2 64.31 NOTE
r-devel-windows-x86_64-new-UL 0.0.2 12.00 93.00 105.00 OK
r-devel-windows-x86_64-new-TK 0.0.2 NOTE
r-devel-windows-x86_64-old 0.0.2 6.00 72.00 78.00 OK
r-patched-linux-x86_64 0.0.2 4.83 46.02 50.85 OK
r-patched-solaris-x86 0.0.2 77.00 NOTE
r-release-linux-x86_64 0.0.2 OK
r-release-macos-arm64 0.0.2 NOTE
r-release-macos-x86_64 0.0.2 NOTE
r-release-windows-ix86+x86_64 0.0.2 8.00 48.00 56.00 OK
r-oldrel-macos-x86_64 0.0.2 NOTE
r-oldrel-windows-ix86+x86_64 0.0.2 27.00 76.00 103.00 OK

Check Details

Version: 0.0.2
Check: dependencies in R code
Result: NOTE
    Namespace in Imports field not imported from: ‘nomnoml’
     All declared Imports should be used.
Flavors: r-devel-linux-x86_64-fedora-clang, r-devel-linux-x86_64-fedora-gcc, r-devel-windows-x86_64-new-TK, r-patched-solaris-x86, r-release-macos-arm64, r-release-macos-x86_64, r-oldrel-macos-x86_64