CRAN Package Check Results for Package florabr

Last updated on 2024-04-13 16:50:07 CEST.

Flavor Version Tinstall Tcheck Ttotal Status Flags
r-devel-linux-x86_64-debian-clang 1.1.0 33.83 283.69 317.52 OK
r-devel-linux-x86_64-debian-gcc 1.1.0 22.28 197.15 219.43 OK
r-devel-linux-x86_64-fedora-clang 1.1.0 385.17 NOTE
r-devel-linux-x86_64-fedora-gcc 1.1.0 372.76 NOTE
r-devel-windows-x86_64 1.1.0 22.00 172.00 194.00 OK
r-patched-linux-x86_64 1.1.0 30.69 264.06 294.75 OK
r-release-linux-x86_64 1.1.0 32.85 264.97 297.82 OK
r-release-macos-arm64 1.1.0 102.00 OK
r-release-macos-x86_64 1.1.0 238.00 OK
r-release-windows-x86_64 1.1.0 35.00 221.00 256.00 OK
r-oldrel-macos-arm64 1.1.0 100.00 OK
r-oldrel-windows-x86_64 1.1.0 34.00 223.00 257.00 OK

Check Details

Version: 1.1.0
Check: data for non-ASCII characters
Result: NOTE Note: found 3549 marked UTF-8 strings Flavors: r-devel-linux-x86_64-fedora-clang, r-devel-linux-x86_64-fedora-gcc