CRAN Package Check Results for Package flipr

Last updated on 2021-09-22 15:51:20 CEST.

Flavor Version Tinstall Tcheck Ttotal Status Flags
r-devel-linux-x86_64-debian-clang 0.3.1 34.38 89.27 123.65 OK
r-devel-linux-x86_64-debian-gcc 0.3.1 21.25 66.32 87.57 OK
r-devel-linux-x86_64-fedora-clang 0.3.1 161.51 NOTE
r-devel-linux-x86_64-fedora-gcc 0.3.1 139.48 NOTE
r-devel-windows-x86_64 0.3.1 35.00 97.00 132.00 NOTE
r-devel-windows-x86_64-gcc10-UCRT 0.3.1 ERROR
r-patched-linux-x86_64 0.3.1 27.09 90.72 117.81 OK
r-patched-solaris-x86 0.3.1 149.50 NOTE
r-release-linux-x86_64 0.3.1 24.95 91.19 116.14 OK
r-release-macos-arm64 0.3.1 NOTE
r-release-macos-x86_64 0.3.1 NOTE
r-release-windows-ix86+x86_64 0.3.1 67.00 142.00 209.00 NOTE
r-oldrel-macos-x86_64 0.3.1 NOTE
r-oldrel-windows-ix86+x86_64 0.3.1 63.00 165.00 228.00 NOTE

Check Details

Version: 0.3.1
Check: installed package size
Result: NOTE
     installed size is 9.0Mb
     sub-directories of 1Mb or more:
     doc 7.6Mb
Flavors: r-devel-linux-x86_64-fedora-clang, r-devel-windows-x86_64, r-patched-solaris-x86, r-release-macos-arm64, r-release-macos-x86_64, r-release-windows-ix86+x86_64, r-oldrel-macos-x86_64, r-oldrel-windows-ix86+x86_64

Version: 0.3.1
Check: dependencies in R code
Result: NOTE
    Namespaces in Imports field not imported from:
     ‘R6’ ‘pbapply’
     All declared Imports should be used.
Flavors: r-devel-linux-x86_64-fedora-clang, r-devel-linux-x86_64-fedora-gcc, r-patched-solaris-x86, r-release-macos-arm64, r-release-macos-x86_64, r-oldrel-macos-x86_64

Version: 0.3.1
Check: package dependencies
Result: NOTE
    Package suggested but not available for checking: 'tidyverse'
Flavor: r-devel-windows-x86_64-gcc10-UCRT

Version: 0.3.1
Check: whether package can be installed
Result: ERROR
    Installation failed.
Flavor: r-devel-windows-x86_64-gcc10-UCRT