CRAN Package Check Results for Package flipr

Last updated on 2021-06-21 11:52:04 CEST.

Flavor Version Tinstall Tcheck Ttotal Status Flags
r-devel-linux-x86_64-debian-clang 0.2.1 5.02 437.39 442.41 NOTE
r-devel-linux-x86_64-debian-gcc 0.2.1 3.63 310.08 313.71 NOTE
r-devel-linux-x86_64-fedora-clang 0.2.1 489.90 NOTE
r-devel-linux-x86_64-fedora-gcc 0.2.1 502.69 NOTE
r-devel-windows-x86_64 0.2.1 9.00 351.00 360.00 NOTE
r-devel-windows-x86_64-gcc10-UCRT 0.2.1 WARN
r-patched-linux-x86_64 0.2.1 4.81 411.75 416.56 NOTE
r-patched-solaris-x86 0.2.1 547.70 NOTE
r-release-linux-x86_64 0.2.1 4.44 409.47 413.91 NOTE
r-release-macos-arm64 0.2.1 NOTE
r-release-macos-x86_64 0.2.1 NOTE
r-release-windows-ix86+x86_64 0.2.1 14.00 505.00 519.00 NOTE
r-oldrel-macos-x86_64 0.2.1 NOTE

Check Details

Version: 0.2.1
Check: LazyData
Result: NOTE
     'LazyData' is specified without a 'data' directory
Flavors: r-devel-linux-x86_64-debian-clang, r-devel-linux-x86_64-debian-gcc, r-devel-linux-x86_64-fedora-clang, r-devel-linux-x86_64-fedora-gcc, r-devel-windows-x86_64, r-devel-windows-x86_64-gcc10-UCRT, r-patched-linux-x86_64, r-patched-solaris-x86, r-release-linux-x86_64, r-release-macos-arm64, r-release-macos-x86_64, r-release-windows-ix86+x86_64

Version: 0.2.1
Check: installed package size
Result: NOTE
     installed size is 8.0Mb
     sub-directories of 1Mb or more:
     doc 7.7Mb
Flavors: r-devel-linux-x86_64-fedora-clang, r-devel-windows-x86_64, r-patched-solaris-x86, r-release-macos-arm64, r-release-macos-x86_64, r-release-windows-ix86+x86_64, r-oldrel-macos-x86_64

Version: 0.2.1
Check: package dependencies
Result: NOTE
    Packages suggested but not available for checking:
     'covr', 'tidyverse', 'plotly'
Flavor: r-devel-windows-x86_64-gcc10-UCRT

Version: 0.2.1
Check: re-building of vignette outputs
Result: WARN
    Error(s) in re-building vignettes:
    --- re-building 'alternative.Rmd' using rmarkdown
    --- finished re-building 'alternative.Rmd'
    
    --- re-building 'exactness.Rmd' using rmarkdown
    Quitting from lines 12-18 (exactness.Rmd)
    Error: processing vignette 'exactness.Rmd' failed with diagnostics:
    there is no package called 'tidyverse'
    --- failed re-building 'exactness.Rmd'
    
    --- re-building 'flipr.Rmd' using rmarkdown
    Quitting from lines 20-31 (flipr.Rmd)
    Error: processing vignette 'flipr.Rmd' failed with diagnostics:
    there is no package called 'tidyverse'
    --- failed re-building 'flipr.Rmd'
    
    --- re-building 'pvalue-function.Rmd' using rmarkdown
    Quitting from lines 20-43 (pvalue-function.Rmd)
    Error: processing vignette 'pvalue-function.Rmd' failed with diagnostics:
    there is no package called 'tidyverse'
    --- failed re-building 'pvalue-function.Rmd'
    
    SUMMARY: processing the following files failed:
     'exactness.Rmd' 'flipr.Rmd' 'pvalue-function.Rmd'
    
    Error: Vignette re-building failed.
    Execution halted
Flavor: r-devel-windows-x86_64-gcc10-UCRT