Last updated on 2023-03-23 19:50:15 CET.
Flavor | Version | Tinstall | Tcheck | Ttotal | Status | Flags |
---|---|---|---|---|---|---|
r-devel-linux-x86_64-debian-clang | 1.5.3 | 5.38 | 51.13 | 56.51 | NOTE | |
r-devel-linux-x86_64-debian-gcc | 1.5.3 | 5.45 | 39.53 | 44.98 | NOTE | |
r-devel-linux-x86_64-fedora-clang | 1.5.3 | 73.66 | NOTE | |||
r-devel-linux-x86_64-fedora-gcc | 1.5.3 | 66.42 | NOTE | |||
r-patched-linux-x86_64 | 1.5.3 | 11.60 | 49.42 | 61.02 | NOTE | |
r-release-linux-x86_64 | 1.5.3 | 5.46 | 49.63 | 55.09 | NOTE | |
r-release-macos-arm64 | 1.5.3 | 25.00 | NOTE | |||
r-release-macos-x86_64 | 1.5.3 | 46.00 | NOTE | |||
r-release-windows-x86_64 | 1.5.3 | 22.00 | 81.00 | 103.00 | NOTE | |
r-oldrel-macos-arm64 | 1.5.3 | 33.00 | NOTE | |||
r-oldrel-macos-x86_64 | 1.5.3 | 46.00 | NOTE | |||
r-oldrel-windows-ix86+x86_64 | 1.5.3 | 15.00 | 74.00 | 89.00 | NOTE |
Version: 1.5.3
Check: LazyData
Result: NOTE
'LazyData' is specified without a 'data' directory
Flavors: r-devel-linux-x86_64-debian-clang, r-devel-linux-x86_64-debian-gcc, r-devel-linux-x86_64-fedora-clang, r-devel-linux-x86_64-fedora-gcc, r-patched-linux-x86_64, r-release-linux-x86_64, r-release-macos-arm64, r-release-macos-x86_64, r-release-windows-x86_64, r-oldrel-macos-arm64, r-oldrel-macos-x86_64, r-oldrel-windows-ix86+x86_64