CRAN Package Check Results for Package flightplanning

Last updated on 2021-11-27 07:49:49 CET.

Flavor Version Tinstall Tcheck Ttotal Status Flags
r-devel-linux-x86_64-debian-clang 0.8.4 NOTE
r-devel-linux-x86_64-debian-gcc 0.8.4 3.37 38.69 42.06 NOTE
r-devel-linux-x86_64-fedora-clang 0.8.4 77.62 NOTE
r-devel-linux-x86_64-fedora-gcc 0.8.4 66.46 NOTE
r-devel-windows-x86_64-new-UL 0.8.4 10.00 81.00 91.00 NOTE
r-devel-windows-x86_64-new-TK 0.8.4 NOTE
r-devel-windows-x86_64-old 0.8.4 7.00 69.00 76.00 NOTE
r-patched-linux-x86_64 0.8.4 5.48 46.99 52.47 NOTE
r-patched-solaris-x86 0.8.4 102.60 NOTE
r-release-linux-x86_64 0.8.4 NOTE
r-release-macos-arm64 0.8.4 NOTE
r-release-macos-x86_64 0.8.4 NOTE
r-release-windows-ix86+x86_64 0.8.4 10.00 48.00 58.00 NOTE
r-oldrel-macos-x86_64 0.8.4 OK
r-oldrel-windows-ix86+x86_64 0.8.4 8.00 66.00 74.00 OK

Check Details

Version: 0.8.4
Check: LazyData
Result: NOTE
     'LazyData' is specified without a 'data' directory
Flavors: r-devel-linux-x86_64-debian-clang, r-devel-linux-x86_64-debian-gcc, r-devel-linux-x86_64-fedora-clang, r-devel-linux-x86_64-fedora-gcc, r-devel-windows-x86_64-new-UL, r-devel-windows-x86_64-new-TK, r-devel-windows-x86_64-old, r-patched-linux-x86_64, r-patched-solaris-x86, r-release-linux-x86_64, r-release-macos-arm64, r-release-macos-x86_64, r-release-windows-ix86+x86_64