CRAN Package Check Results for Package flexsurvcure

Last updated on 2021-04-14 23:47:11 CEST.

Flavor Version Tinstall Tcheck Ttotal Status Flags
r-devel-linux-x86_64-debian-clang 1.2.0 10.01 112.68 122.69 NOTE
r-devel-linux-x86_64-debian-gcc 1.2.0 7.22 83.42 90.64 NOTE
r-devel-linux-x86_64-fedora-clang 1.2.0 158.54 NOTE
r-devel-linux-x86_64-fedora-gcc 1.2.0 143.05 NOTE
r-devel-windows-ix86+x86_64 1.2.0 25.00 139.00 164.00 NOTE
r-devel-windows-x86_64-gcc10-UCRT 1.2.0 NOTE
r-patched-linux-x86_64 1.2.0 9.66 102.87 112.53 OK
r-patched-solaris-x86 1.2.0 214.80 OK
r-release-linux-x86_64 1.2.0 8.86 104.38 113.24 OK
r-release-macos-x86_64 1.2.0 OK
r-release-windows-ix86+x86_64 1.2.0 25.00 142.00 167.00 OK
r-oldrel-macos-x86_64 1.2.0 OK
r-oldrel-windows-ix86+x86_64 1.2.0 14.00 106.00 120.00 OK

Check Details

Version: 1.2.0
Check: LazyData
Result: NOTE
     'LazyData' is specified without a 'data' directory
Flavors: r-devel-linux-x86_64-debian-clang, r-devel-linux-x86_64-debian-gcc, r-devel-linux-x86_64-fedora-clang, r-devel-linux-x86_64-fedora-gcc, r-devel-windows-ix86+x86_64, r-devel-windows-x86_64-gcc10-UCRT