CRAN Package Check Results for Package flattabler

Last updated on 2021-06-13 11:49:05 CEST.

Flavor Version Tinstall Tcheck Ttotal Status Flags
r-devel-linux-x86_64-debian-clang 1.2.0 3.41 42.50 45.91 OK
r-devel-linux-x86_64-debian-gcc 1.2.0 2.68 33.14 35.82 OK
r-devel-linux-x86_64-fedora-clang 1.2.0 67.46 NOTE
r-devel-linux-x86_64-fedora-gcc 1.2.0 53.36 NOTE
r-devel-windows-x86_64 1.2.0 8.00 65.00 73.00 OK
r-devel-windows-x86_64-gcc10-UCRT 1.2.0 NOTE
r-patched-linux-x86_64 1.2.0 3.93 41.08 45.01 OK
r-patched-solaris-x86 1.2.0 78.90 NOTE
r-release-linux-x86_64 1.2.0 2.38 40.98 43.36 OK
r-release-macos-arm64 1.2.0 NOTE
r-release-macos-x86_64 1.2.0 NOTE
r-release-windows-ix86+x86_64 1.2.0 8.00 65.00 73.00 OK
r-oldrel-macos-x86_64 1.2.0 NOTE
r-oldrel-windows-ix86+x86_64 1.2.0 8.00 64.00 72.00 OK

Check Details

Version: 1.2.0
Check: dependencies in R code
Result: NOTE
    Namespace in Imports field not imported from: ‘tidyr’
     All declared Imports should be used.
Flavors: r-devel-linux-x86_64-fedora-clang, r-devel-linux-x86_64-fedora-gcc, r-devel-windows-x86_64-gcc10-UCRT, r-patched-solaris-x86, r-release-macos-arm64, r-release-macos-x86_64, r-oldrel-macos-x86_64

Version: 1.2.0
Check: data for non-ASCII characters
Result: NOTE
     Note: found 82 marked UTF-8 strings
Flavors: r-devel-linux-x86_64-fedora-clang, r-devel-linux-x86_64-fedora-gcc, r-devel-windows-x86_64-gcc10-UCRT, r-patched-solaris-x86, r-release-macos-arm64, r-release-macos-x86_64, r-oldrel-macos-x86_64