CRAN Package Check Results for Package flagr

Last updated on 2021-06-15 23:51:15 CEST.

Flavor Version Tinstall Tcheck Ttotal Status Flags
r-devel-linux-x86_64-debian-clang 0.3.2 2.00 32.47 34.47 OK
r-devel-linux-x86_64-debian-gcc 0.3.2 1.64 25.63 27.27 OK
r-devel-linux-x86_64-fedora-clang 0.3.2 50.56 OK
r-devel-linux-x86_64-fedora-gcc 0.3.2 40.48 OK
r-devel-windows-x86_64 0.3.2 4.00 53.00 57.00 OK
r-devel-windows-x86_64-gcc10-UCRT 0.3.2 NOTE
r-patched-linux-x86_64 0.3.2 2.12 31.40 33.52 OK
r-patched-solaris-x86 0.3.2 56.30 OK
r-release-linux-x86_64 0.3.2 1.93 31.21 33.14 OK
r-release-macos-arm64 0.3.2 NOTE
r-release-macos-x86_64 0.3.2 OK
r-release-windows-ix86+x86_64 0.3.2 5.00 55.00 60.00 OK
r-oldrel-macos-x86_64 0.3.2 OK
r-oldrel-windows-ix86+x86_64 0.3.2 4.00 53.00 57.00 OK

Check Details

Version: 0.3.2
Check: package dependencies
Result: NOTE
    Package suggested but not available for checking: 'eurostat'
Flavors: r-devel-windows-x86_64-gcc10-UCRT, r-release-macos-arm64