Last updated on 2021-04-13 07:47:43 CEST.
Flavor | Version | Tinstall | Tcheck | Ttotal | Status | Flags |
---|---|---|---|---|---|---|
r-devel-linux-x86_64-debian-clang | 0.3.4 | 2.59 | 34.11 | 36.70 | NOTE | |
r-devel-linux-x86_64-debian-gcc | 0.3.4 | 1.90 | 27.04 | 28.94 | NOTE | |
r-devel-linux-x86_64-fedora-clang | 0.3.4 | 53.30 | NOTE | |||
r-devel-linux-x86_64-fedora-gcc | 0.3.4 | 44.11 | NOTE | |||
r-devel-windows-ix86+x86_64 | 0.3.4 | 5.00 | 59.00 | 64.00 | NOTE | |
r-devel-windows-x86_64-gcc10-UCRT | 0.3.4 | NOTE | ||||
r-patched-linux-x86_64 | 0.3.4 | 2.07 | 33.22 | 35.29 | OK | |
r-patched-solaris-x86 | 0.3.4 | 60.50 | OK | |||
r-release-linux-x86_64 | 0.3.4 | 2.52 | 32.83 | 35.35 | OK | |
r-release-macos-x86_64 | 0.3.4 | OK | ||||
r-release-windows-ix86+x86_64 | 0.3.4 | 5.00 | 58.00 | 63.00 | OK | |
r-oldrel-macos-x86_64 | 0.3.4 | ERROR | ||||
r-oldrel-windows-ix86+x86_64 | 0.3.3 | 3.00 | 48.00 | 51.00 | OK |
Version: 0.3.4
Check: LazyData
Result: NOTE
'LazyData' is specified without a 'data' directory
Flavors: r-devel-linux-x86_64-debian-clang, r-devel-linux-x86_64-debian-gcc, r-devel-linux-x86_64-fedora-clang, r-devel-linux-x86_64-fedora-gcc, r-devel-windows-ix86+x86_64, r-devel-windows-x86_64-gcc10-UCRT
Version: 0.3.4
Check: whether package can be installed
Result: ERROR
Installation failed.
Flavor: r-oldrel-macos-x86_64