CRAN Package Check Results for Package fishflux

Last updated on 2021-12-08 19:51:31 CET.

Flavor Version Tinstall Tcheck Ttotal Status Flags
r-devel-linux-x86_64-debian-clang 0.0.1.5 219.69 225.46 445.15 NOTE
r-devel-linux-x86_64-debian-gcc 0.0.1.5 186.29 178.88 365.17 NOTE
r-devel-linux-x86_64-fedora-clang 0.0.1.5 614.56 NOTE
r-devel-linux-x86_64-fedora-gcc 0.0.1.5 650.99 NOTE
r-devel-windows-x86_64-new-UL 0.0.1.5 262.00 352.00 614.00 NOTE
r-devel-windows-x86_64-new-TK 0.0.1.5 NOTE
r-devel-windows-x86_64-old 0.0.1.5 269.00 262.00 531.00 NOTE
r-patched-linux-x86_64 0.0.1.5 170.21 226.66 396.87 NOTE
r-release-linux-x86_64 0.0.1.5 184.47 226.66 411.13 NOTE
r-release-macos-arm64 0.0.1.5 NOTE
r-release-macos-x86_64 0.0.1.5 NOTE
r-release-windows-ix86+x86_64 0.0.1.5 373.00 405.00 778.00 NOTE
r-oldrel-macos-x86_64 0.0.1.5 NOTE
r-oldrel-windows-ix86+x86_64 0.0.1.5 523.00 424.00 947.00 NOTE

Additional issues

donttest

Check Details

Version: 0.0.1.5
Check: for GNU extensions in Makefiles
Result: NOTE
    GNU make is a SystemRequirements.
Flavors: r-devel-linux-x86_64-debian-clang, r-devel-linux-x86_64-debian-gcc, r-devel-linux-x86_64-fedora-clang, r-devel-linux-x86_64-fedora-gcc, r-devel-windows-x86_64-new-UL, r-devel-windows-x86_64-new-TK, r-devel-windows-x86_64-old, r-patched-linux-x86_64, r-release-linux-x86_64, r-release-macos-arm64, r-release-macos-x86_64, r-release-windows-ix86+x86_64, r-oldrel-macos-x86_64, r-oldrel-windows-ix86+x86_64

Version: 0.0.1.5
Check: installed package size
Result: NOTE
     installed size is 33.4Mb
     sub-directories of 1Mb or more:
     libs 32.8Mb
Flavors: r-devel-linux-x86_64-fedora-clang, r-release-macos-arm64, r-release-macos-x86_64, r-release-windows-ix86+x86_64, r-oldrel-macos-x86_64, r-oldrel-windows-ix86+x86_64

Version: 0.0.1.5
Check: dependencies in R code
Result: NOTE
    Namespaces in Imports field not imported from:
     ‘RcppParallel’ ‘rstantools’
     All declared Imports should be used.
Flavors: r-devel-linux-x86_64-fedora-clang, r-devel-linux-x86_64-fedora-gcc, r-devel-windows-x86_64-new-TK, r-release-macos-arm64, r-release-macos-x86_64, r-oldrel-macos-x86_64

Version: 0.0.1.5
Check: line endings in C/C++/Fortran sources/headers
Result: NOTE
    Found the following sources/headers with CR or CRLF line endings:
     src/RcppExports.cpp
     src/stanExports_cnpmodelmcmc.cc
     src/stanExports_cnpmodelmcmc.h
     src/stanExports_getB0.cc
     src/stanExports_getB0.h
    Some Unix compilers require LF line endings.
Flavor: r-devel-windows-x86_64-new-TK