CRAN Package Check Results for Package fisheyeR

Last updated on 2021-09-21 15:50:51 CEST.

Flavor Version Tinstall Tcheck Ttotal Status Flags
r-devel-linux-x86_64-debian-clang 0.9 5.29 32.27 37.56 NOTE
r-devel-linux-x86_64-debian-gcc 0.9 4.29 25.85 30.14 NOTE
r-devel-linux-x86_64-fedora-clang 0.9 55.47 NOTE
r-devel-linux-x86_64-fedora-gcc 0.9 45.24 NOTE
r-devel-windows-x86_64 0.9 6.00 38.00 44.00 NOTE
r-devel-windows-x86_64-gcc10-UCRT 0.9 ERROR
r-patched-linux-x86_64 0.9 5.96 32.28 38.24 NOTE
r-patched-solaris-x86 0.9 70.10 NOTE
r-release-linux-x86_64 0.9 5.12 32.10 37.22 NOTE
r-release-macos-arm64 0.9 NOTE
r-release-macos-x86_64 0.9 NOTE
r-release-windows-ix86+x86_64 0.9 9.00 37.00 46.00 NOTE
r-oldrel-macos-x86_64 0.9 NOTE
r-oldrel-windows-ix86+x86_64 0.9 5.00 55.00 60.00 NOTE

Check Details

Version: 0.9
Check: dependencies in R code
Result: NOTE
    'library' or 'require' call to 'tkrplot' which was already attached by Depends.
     Please remove these calls from your code.
    Packages in Depends field not imported from:
     'methods' 'tkrplot'
     These packages need to be imported from (in the NAMESPACE file)
     for when this namespace is loaded but not attached.
Flavors: r-devel-linux-x86_64-debian-clang, r-devel-linux-x86_64-debian-gcc, r-devel-linux-x86_64-fedora-clang, r-devel-linux-x86_64-fedora-gcc, r-devel-windows-x86_64, r-devel-windows-x86_64-gcc10-UCRT, r-patched-linux-x86_64, r-patched-solaris-x86, r-release-linux-x86_64, r-release-macos-arm64, r-release-macos-x86_64, r-release-windows-ix86+x86_64, r-oldrel-macos-x86_64, r-oldrel-windows-ix86+x86_64

Version: 0.9
Check: R code for possible problems
Result: NOTE
    OnClickMotion: warning in exists("xClick_old", env = POI.env): partial
     argument match of 'env' to 'envir'
    OnClickMotion: warning in exists("yClick_old", env = POI.env): partial
     argument match of 'env' to 'envir'
    OnClickMotion: warning in get("xClick_old", env = POI.env): partial
     argument match of 'env' to 'envir'
    OnClickMotion: warning in get("yClick_old", env = POI.env): partial
     argument match of 'env' to 'envir'
    toHiperbolico: warning in matrix(toPolar(objeto[, 1], objeto[, 2]), nc
     = 2): partial argument match of 'nc' to 'ncol'
    toHiperbolico: warning in matrix(toCartesian(objetoP[, 1], objetoP[,
     2]), nc = 2): partial argument match of 'nc' to 'ncol'
    POICalc,POI: warning in matrix(rep(0, NC * 2), nc = 2): partial
     argument match of 'nc' to 'ncol'
    POICalc,POI: warning in matrix(toPolar(Pcoords[, 1], Pcoords[, 2]), nc
     = 2): partial argument match of 'nc' to 'ncol'
    POICalc,POI: warning in matrix(toCartesian(PcoordsFI[, 1], PcoordsFI[,
     2]), nc = 2): partial argument match of 'nc' to 'ncol'
    POICalc,POI: warning in matrix(rep(0, 2 * nwords), nc = 2): partial
     argument match of 'nc' to 'ncol'
    POIPlot,POI: warning in matrix(rep(c(newcoords, newcoords_1),
     nrow(Pcoords)), nc = 2, byrow = TRUE): partial argument match of 'nc'
     to 'ncol'
    POIPlot,POI: warning in matrix(rep(c(newcoords, newcoords_1),
     nrow(newPcoords)), nc = 2, byrow = TRUE): partial argument match of
     'nc' to 'ncol'
    POIPlot,POI: warning in matrix(rep(c(newcoords, newcoords_1),
     nrow(objeto)), nc = 2, byrow = TRUE): partial argument match of 'nc'
     to 'ncol'
    POIPlot,POI: warning in matrix(toPolar(PcoordsC[, 1], PcoordsC[, 2]),
     nc = 2): partial argument match of 'nc' to 'ncol'
    POIPlot,POI: warning in matrix(toCartesian(PcoordsFI[, 1], PcoordsFI[,
     2]), nc = 2): partial argument match of 'nc' to 'ncol'
    POIPlot,POI: warning in matrix(objetoP[newobject$uniques, ], nc = 2):
     partial argument match of 'nc' to 'ncol'
    POIPlot,POIGraph: warning in matrix(rep(c(newcoords, newcoords_1),
     nrow(objeto)), nc = 2, byrow = TRUE): partial argument match of 'nc'
     to 'ncol'
    POIPlot,multiPOI: warning in matrix(rep(c(newcoords, newcoords_1),
     nrow(Pcoords)), nc = 2, byrow = TRUE): partial argument match of 'nc'
     to 'ncol'
    POIPlot,multiPOI: warning in matrix(rep(c(newcoords, newcoords_1),
     nrow(newPcoords)), nc = 2, byrow = TRUE): partial argument match of
     'nc' to 'ncol'
    POIPlot,multiPOI: warning in matrix(rep(c(newcoords, newcoords_1),
     nrow(objeto)), nc = 2, byrow = TRUE): partial argument match of 'nc'
     to 'ncol'
    POIPlot,multiPOI: warning in matrix(toPolar(PcoordsC[, 1], PcoordsC[,
     2]), nc = 2): partial argument match of 'nc' to 'ncol'
    POIPlot,multiPOI: warning in matrix(toCartesian(PcoordsFI[, 1],
     PcoordsFI[, 2]), nc = 2): partial argument match of 'nc' to 'ncol'
    POIPlot,multiPOI: warning in matrix(objetoP[newobject$uniques, ], nc =
     2): partial argument match of 'nc' to 'ncol'
    IncVadjustMinus: no visible binding for global variable 'POI.env'
    IncVadjustMinus: no visible global function definition for 'tkrreplot'
    IncVadjustPlus: no visible binding for global variable 'POI.env'
    IncVadjustPlus: no visible global function definition for 'tkrreplot'
    MadjustMinus: no visible binding for global variable 'POI.env'
    MadjustMinus: no visible global function definition for 'tkrreplot'
    MadjustPlus: no visible binding for global variable 'POI.env'
    MadjustPlus: no visible global function definition for 'tkrreplot'
    OnClickMotion: no visible binding for global variable 'POI.env'
    OnClickMotion: no visible global function definition for 'tclvalue'
    OnClickMotion: no visible global function definition for 'tkwinfo'
    OnClickMotion: no visible global function definition for 'tkrreplot'
    OnDobleClick: no visible binding for global variable 'POI.env'
    OnDobleClick: no visible global function definition for 'tclvalue'
    OnDobleClick: no visible global function definition for 'tkwinfo'
    OnMiddleClick: no visible binding for global variable 'POI.env'
    OnMiddleClick: no visible global function definition for 'tkrreplot'
    POICreate: no visible global function definition for 'new'
    addNoise : noise: no visible global function definition for 'rnorm'
    centrarSalida: no visible binding for global variable 'POI.env'
    centrarSalida: no visible global function definition for 'rnorm'
    centrarSalida: no visible global function definition for 'tkrreplot'
    circulin: no visible global function definition for 'points'
    circulin: no visible global function definition for 'text'
    circulin: no visible binding for global variable 'POI.env'
    plotPOI: no visible global function definition for 'tkdestroy'
    plotPOI: no visible binding for global variable 'POI.env'
    plotPOI: no visible binding for '<<-' assignment to 'POI.env'
    plotPOI: no visible global function definition for 'tktoplevel'
    plotPOI: no visible global function definition for 'tkrplot'
    plotPOI: no visible global function definition for 'tkgrid'
    plotPOI: no visible global function definition for 'tkbind'
    plotPOIGraph: no visible global function definition for 'tkdestroy'
    plotPOIGraph: no visible binding for global variable 'POI.env'
    plotPOIGraph: no visible binding for '<<-' assignment to 'POI.env'
    plotPOIGraph: no visible global function definition for 'tktoplevel'
    plotPOIGraph: no visible global function definition for 'tkrplot'
    plotPOIGraph: no visible global function definition for 'tkgrid'
    plotPOIGraph: no visible global function definition for 'tkbind'
    resetear: no visible binding for global variable 'POI.env'
    POIPlot,POI: no visible global function definition for 'par'
    POIPlot,POI: no visible binding for global variable 'POI.env'
    POIPlot,POI: no visible global function definition for 'points'
    POIPlot,POI: no visible global function definition for 'text'
    POIPlot,POI: no visible global function definition for 'abline'
    POIPlot,POI: no visible global function definition for 'lines'
    POIPlot,POI: no visible global function definition for 'segments'
    POIPlot,POI: no visible binding for '<<-' assignment to 'POI.env'
    POIPlot,POIGraph: no visible global function definition for 'par'
    POIPlot,POIGraph: no visible binding for global variable 'POI.env'
    POIPlot,POIGraph: no visible global function definition for 'points'
    POIPlot,POIGraph: no visible global function definition for 'segments'
    POIPlot,POIGraph: no visible global function definition for 'text'
    POIPlot,POIGraph: no visible global function definition for 'abline'
    POIPlot,POIGraph: no visible binding for '<<-' assignment to 'POI.env'
    POIPlot,multiPOI: no visible global function definition for 'par'
    POIPlot,multiPOI: no visible binding for global variable 'POI.env'
    POIPlot,multiPOI: no visible global function definition for 'points'
    POIPlot,multiPOI: no visible global function definition for 'text'
    POIPlot,multiPOI: no visible global function definition for 'abline'
    POIPlot,multiPOI: no visible global function definition for 'lines'
    POIPlot,multiPOI: no visible global function definition for 'segments'
    POIPlot,multiPOI: no visible binding for '<<-' assignment to 'POI.env'
    query2Cols,POI: no visible global function definition for 'heat.colors'
    query2Cols,POI: no visible global function definition for 'topo.colors'
    query2Cols,POI: no visible global function definition for 'cm.colors'
    query2Cols,POI: no visible global function definition for
     'terrain.colors'
    Undefined global functions or variables:
     POI.env abline cm.colors heat.colors lines new par points rnorm
     segments tclvalue terrain.colors text tkbind tkdestroy tkgrid tkrplot
     tkrreplot tktoplevel tkwinfo topo.colors
    Consider adding
     importFrom("grDevices", "cm.colors", "heat.colors", "terrain.colors",
     "topo.colors")
     importFrom("graphics", "abline", "lines", "par", "points", "segments",
     "text")
     importFrom("methods", "new")
     importFrom("stats", "rnorm")
    to your NAMESPACE file (and ensure that your DESCRIPTION Imports field
    contains 'methods').
Flavors: r-devel-linux-x86_64-debian-clang, r-devel-linux-x86_64-debian-gcc, r-devel-linux-x86_64-fedora-clang, r-devel-linux-x86_64-fedora-gcc, r-devel-windows-x86_64, r-devel-windows-x86_64-gcc10-UCRT, r-patched-linux-x86_64, r-patched-solaris-x86, r-release-linux-x86_64, r-release-macos-arm64, r-release-macos-x86_64, r-release-windows-ix86+x86_64, r-oldrel-macos-x86_64, r-oldrel-windows-ix86+x86_64

Version: 0.9
Check: Rd line widths
Result: NOTE
    Rd file 'POICalc.Rd':
     \examples lines wider than 100 characters:
     irisPOI@wordsInQuery <- c('high.Sepal.Length', 'high.Sepal.Width', 'high.Petal.Length', 'high.Petal.Width',
     'low.Sepal.Length', 'low.Sepal.Width', 'low.Petal.Length', 'low.Petal.Width')
    
    Rd file 'POIcoords_-.Rd':
     \examples lines wider than 100 characters:
     irisPOI@wordsInQuery <- c('high.Sepal.Length', 'high.Sepal.Width', 'high.Petal.Length', 'high.Petal.Width',
     'low.Sepal.Length', 'low.Sepal.Width', 'low.Petal.Length', 'low.Petal.Width')
    
    Rd file 'plotPOI.Rd':
     \examples lines wider than 100 characters:
     graphPOI@docs <- matrix(c(seq(1:nrow(graphPOI@objeto)), seq(1:nrow(graphPOI@objeto))), ncol = 2)
     graphPOI@objeto <- graphPOI@objeto <- rbind(c(0,.05), c(.05,0), c(0,-.05), c(-.05,0) ,round(circulo(0,0,.3,PLOT = FALSE),2))
     usaPOI@wordsInQuery <- c(paste('High', names(USArrests[,c(1,2,4)])), paste('Low', names(USArrests[,c(1,2,4)])))
    
    These lines will be truncated in the PDF manual.
Flavors: r-devel-linux-x86_64-debian-clang, r-devel-linux-x86_64-debian-gcc, r-devel-linux-x86_64-fedora-clang, r-devel-linux-x86_64-fedora-gcc, r-patched-linux-x86_64, r-release-linux-x86_64

Version: 0.9
Check: whether package can be installed
Result: WARN
    Found the following significant warnings:
     WARNING: installation-time patches will not be applied, could not get the patches index
Flavor: r-devel-windows-x86_64-gcc10-UCRT

Version: 0.9
Check: PDF version of manual
Result: WARN
    LaTeX errors when creating PDF version.
    This typically indicates Rd problems.
Flavor: r-devel-windows-x86_64-gcc10-UCRT

Version: 0.9
Check: PDF version of manual without hyperrefs or index
Result: ERROR
    Re-running with no redirection of stdout/stderr.
Flavor: r-devel-windows-x86_64-gcc10-UCRT