CRAN Package Check Results for Package firebase

Last updated on 2022-05-25 11:51:04 CEST.

Flavor Version Tinstall Tcheck Ttotal Status Flags
r-devel-linux-x86_64-debian-clang 1.0.1 12.12 52.30 64.42 OK
r-devel-linux-x86_64-debian-gcc 1.0.1 10.58 41.26 51.84 OK
r-devel-linux-x86_64-fedora-clang 1.0.1 84.73 NOTE
r-devel-linux-x86_64-fedora-gcc 1.0.1 83.56 NOTE
r-devel-windows-x86_64 1.0.1 30.00 71.00 101.00 OK
r-patched-linux-x86_64 1.0.1 13.43 51.56 64.99 OK
r-release-linux-x86_64 1.0.1 OK
r-release-macos-arm64 1.0.1 24.00 NOTE
r-release-macos-x86_64 1.0.1 42.00 NOTE
r-release-windows-x86_64 1.0.1 45.00 68.00 113.00 OK
r-oldrel-macos-arm64 1.0.1 19.00 NOTE
r-oldrel-macos-x86_64 1.0.1 32.00 NOTE
r-oldrel-windows-ix86+x86_64 1.0.1 26.00 61.00 87.00 OK

Check Details

Version: 1.0.1
Check: dependencies in R code
Result: NOTE
    Namespace in Imports field not imported from: ‘R6’
     All declared Imports should be used.
Flavors: r-devel-linux-x86_64-fedora-clang, r-devel-linux-x86_64-fedora-gcc, r-release-macos-arm64, r-release-macos-x86_64, r-oldrel-macos-arm64, r-oldrel-macos-x86_64