CRAN Package Check Results for Package finetune

Last updated on 2021-02-28 19:47:59 CET.

Flavor Version Tinstall Tcheck Ttotal Status Flags
r-devel-linux-x86_64-debian-clang 0.0.1 OK
r-devel-linux-x86_64-debian-gcc 0.0.1 10.82 206.71 217.53 OK
r-devel-linux-x86_64-fedora-clang 0.0.1 338.52 NOTE
r-devel-linux-x86_64-fedora-gcc 0.0.1 351.16 NOTE
r-devel-windows-ix86+x86_64 0.0.1 24.00 226.00 250.00 OK
r-patched-linux-x86_64 0.0.1 12.99 257.54 270.53 OK
r-patched-solaris-x86 0.0.1 462.70 NOTE
r-release-linux-x86_64 0.0.1 12.07 257.71 269.78 OK
r-release-macos-x86_64 0.0.1 NOTE
r-release-windows-ix86+x86_64 0.0.1 35.00 337.00 372.00 OK
r-oldrel-macos-x86_64 0.0.1 NOTE
r-oldrel-windows-ix86+x86_64 0.0.1 21.00 309.00 330.00 OK

Check Details

Version: 0.0.1
Check: dependencies in R code
Result: NOTE
    Namespace in Imports field not imported from: ‘yardstick’
     All declared Imports should be used.
Flavors: r-devel-linux-x86_64-fedora-clang, r-devel-linux-x86_64-fedora-gcc, r-patched-solaris-x86, r-release-macos-x86_64, r-oldrel-macos-x86_64