CRAN Package Check Results for Package findpython

Last updated on 2021-09-21 07:50:07 CEST.

Flavor Version Tinstall Tcheck Ttotal Status Flags
r-devel-linux-x86_64-debian-clang 1.0.7 1.80 28.55 30.35 OK
r-devel-linux-x86_64-debian-gcc 1.0.7 1.44 22.83 24.27 OK
r-devel-linux-x86_64-fedora-clang 1.0.7 49.95 OK
r-devel-linux-x86_64-fedora-gcc 1.0.7 38.85 OK
r-devel-windows-x86_64 1.0.7 3.00 37.00 40.00 OK
r-devel-windows-x86_64-gcc10-UCRT 1.0.7 ERROR
r-patched-linux-x86_64 1.0.7 1.85 28.10 29.95 OK
r-patched-solaris-x86 1.0.7 60.90 OK
r-release-linux-x86_64 1.0.7 1.79 28.21 30.00 OK
r-release-macos-arm64 1.0.7 OK
r-release-macos-x86_64 1.0.7 OK
r-release-windows-ix86+x86_64 1.0.7 4.00 40.00 44.00 OK
r-oldrel-macos-x86_64 1.0.7 OK
r-oldrel-windows-ix86+x86_64 1.0.7 5.00 36.00 41.00 OK

Check Details

Version: 1.0.7
Check: whether package can be installed
Result: WARN
    Found the following significant warnings:
     WARNING: installation-time patches will not be applied, could not get the patches index
Flavor: r-devel-windows-x86_64-gcc10-UCRT

Version: 1.0.7
Check: PDF version of manual
Result: WARN
    LaTeX errors when creating PDF version.
    This typically indicates Rd problems.
Flavor: r-devel-windows-x86_64-gcc10-UCRT

Version: 1.0.7
Check: PDF version of manual without hyperrefs or index
Result: ERROR
    Re-running with no redirection of stdout/stderr.
Flavor: r-devel-windows-x86_64-gcc10-UCRT