CRAN Package Check Results for Package finbif

Last updated on 2021-06-21 11:52:04 CEST.

Flavor Version Tinstall Tcheck Ttotal Status Flags
r-devel-linux-x86_64-debian-clang 0.5.0 10.64 75.76 86.40 OK
r-devel-linux-x86_64-debian-gcc 0.5.0 7.63 60.59 68.22 OK
r-devel-linux-x86_64-fedora-clang 0.5.0 111.25 NOTE
r-devel-linux-x86_64-fedora-gcc 0.5.0 101.62 NOTE
r-devel-windows-x86_64 0.5.0 11.00 80.00 91.00 OK
r-devel-windows-x86_64-gcc10-UCRT 0.5.0 ERROR
r-patched-linux-x86_64 0.5.0 9.19 76.51 85.70 OK
r-patched-solaris-x86 0.5.0 139.30 NOTE
r-release-linux-x86_64 0.5.0 9.12 76.62 85.74 OK
r-release-macos-arm64 0.5.0 NOTE
r-release-macos-x86_64 0.5.0 NOTE
r-release-windows-ix86+x86_64 0.5.0 16.00 99.00 115.00 OK
r-oldrel-macos-x86_64 0.5.0 NOTE

Check Details

Version: 0.5.0
Check: dependencies in R code
Result: NOTE
    Namespace in Imports field not imported from: ‘curl’
     All declared Imports should be used.
Flavors: r-devel-linux-x86_64-fedora-clang, r-devel-linux-x86_64-fedora-gcc, r-patched-solaris-x86, r-release-macos-arm64, r-release-macos-x86_64, r-oldrel-macos-x86_64

Version: 0.5.0
Check: package dependencies
Result: ERROR
    Packages required but not available: 'curl', 'httr'
    
    Package suggested but not available for checking: 'vcr'
    
    See section 'The DESCRIPTION file' in the 'Writing R Extensions'
    manual.
Flavor: r-devel-windows-x86_64-gcc10-UCRT