CRAN Package Check Results for Package fgac

Last updated on 2021-01-26 15:49:45 CET.

Flavor Version Tinstall Tcheck Ttotal Status Flags
r-devel-linux-x86_64-debian-clang 0.6-1 3.62 29.95 33.57 NOTE
r-devel-linux-x86_64-debian-gcc 0.6-1 2.74 23.41 26.15 NOTE
r-devel-linux-x86_64-fedora-clang 0.6-1 50.44 NOTE
r-devel-linux-x86_64-fedora-gcc 0.6-1 39.90 NOTE
r-devel-windows-ix86+x86_64 0.6-1 7.00 41.00 48.00 NOTE
r-patched-linux-x86_64 0.6-1 2.90 28.82 31.72 NOTE
r-patched-solaris-x86 0.6-1 54.20 NOTE
r-release-linux-x86_64 0.6-1 3.79 28.83 32.62 NOTE
r-release-macos-x86_64 0.6-1 NOTE
r-release-windows-ix86+x86_64 0.6-1 5.00 33.00 38.00 NOTE
r-oldrel-macos-x86_64 0.6-1 NOTE
r-oldrel-windows-ix86+x86_64 0.6-1 5.00 50.00 55.00 NOTE

Check Details

Version: 0.6-1
Check: R code for possible problems
Result: NOTE
    ftest: no visible global function definition for 'wilcox.test'
    ftest: no visible global function definition for 't.test'
    Undefined global functions or variables:
     t.test wilcox.test
    Consider adding
     importFrom("stats", "t.test", "wilcox.test")
    to your NAMESPACE file.
Flavors: r-devel-linux-x86_64-debian-clang, r-devel-linux-x86_64-debian-gcc, r-devel-linux-x86_64-fedora-clang, r-devel-linux-x86_64-fedora-gcc, r-devel-windows-ix86+x86_64, r-patched-linux-x86_64, r-patched-solaris-x86, r-release-linux-x86_64, r-release-macos-x86_64, r-release-windows-ix86+x86_64, r-oldrel-macos-x86_64, r-oldrel-windows-ix86+x86_64