Last updated on 2023-03-21 07:54:09 CET.
Flavor | Version | Tinstall | Tcheck | Ttotal | Status | Flags |
---|---|---|---|---|---|---|
r-devel-linux-x86_64-debian-clang | 0.3.0 | OK | ||||
r-devel-linux-x86_64-debian-gcc | 0.3.0 | 2.93 | 33.89 | 36.82 | OK | |
r-devel-linux-x86_64-fedora-clang | 0.3.0 | 59.97 | OK | |||
r-devel-linux-x86_64-fedora-gcc | 0.3.0 | 66.66 | OK | |||
r-devel-windows-x86_64 | 0.3.0 | 18.00 | 74.00 | 92.00 | OK | |
r-patched-linux-x86_64 | 0.3.0 | 3.71 | 42.39 | 46.10 | OK | |
r-release-linux-x86_64 | 0.3.0 | 3.50 | 44.13 | 47.63 | OK | |
r-release-macos-arm64 | 0.3.0 | 27.00 | OK | |||
r-release-macos-x86_64 | 0.3.0 | 32.00 | OK | |||
r-release-windows-x86_64 | 0.3.0 | 21.00 | 73.00 | 94.00 | OK | |
r-oldrel-macos-arm64 | 0.3.0 | 28.00 | OK | |||
r-oldrel-macos-x86_64 | 0.3.0 | 35.00 | OK | |||
r-oldrel-windows-ix86+x86_64 | 0.3.0 | 9.00 | 70.00 | 79.00 | NOTE |
Version: 0.3.0
Check: dependencies in R code
Result: NOTE
Initiating curl with CURL_SSL_BACKEND: openssl
Flavor: r-oldrel-windows-ix86+x86_64