Last updated on 2021-03-07 15:47:34 CET.
Flavor | Version | Tinstall | Tcheck | Ttotal | Status | Flags |
---|---|---|---|---|---|---|
r-devel-linux-x86_64-debian-clang | 0.1.3 | 6.30 | 54.67 | 60.97 | OK | |
r-devel-linux-x86_64-debian-gcc | 0.1.3 | 4.90 | 41.89 | 46.79 | OK | |
r-devel-linux-x86_64-fedora-clang | 0.1.3 | 82.25 | NOTE | |||
r-devel-linux-x86_64-fedora-gcc | 0.1.3 | 72.13 | NOTE | |||
r-devel-windows-ix86+x86_64 | 0.1.3 | 22.00 | 73.00 | 95.00 | OK | |
r-devel-windows-x86_64-gcc10-UCRT | 0.1.3 | NOTE | ||||
r-patched-linux-x86_64 | 0.1.3 | 5.66 | 51.58 | 57.24 | OK | |
r-patched-solaris-x86 | 0.1.3 | 105.50 | NOTE | |||
r-release-linux-x86_64 | 0.1.3 | 5.73 | 51.91 | 57.64 | OK | |
r-release-macos-x86_64 | 0.1.3 | NOTE | ||||
r-release-windows-ix86+x86_64 | 0.1.3 | 12.00 | 63.00 | 75.00 | OK | |
r-oldrel-macos-x86_64 | 0.1.3 | NOTE | ||||
r-oldrel-windows-ix86+x86_64 | 0.1.3 | 12.00 | 55.00 | 67.00 | OK |
Version: 0.1.3
Check: data for non-ASCII characters
Result: NOTE
Note: found 20 marked UTF-8 strings
Flavors: r-devel-linux-x86_64-fedora-clang, r-devel-linux-x86_64-fedora-gcc, r-devel-windows-x86_64-gcc10-UCRT, r-patched-solaris-x86, r-release-macos-x86_64, r-oldrel-macos-x86_64