Last updated on 2023-04-01 11:51:27 CEST.
Flavor | Version | Tinstall | Tcheck | Ttotal | Status | Flags |
---|---|---|---|---|---|---|
r-devel-linux-x86_64-debian-clang | 0.5.9 | 338.63 | 220.19 | 558.82 | OK | |
r-devel-linux-x86_64-debian-gcc | 0.5.9 | 269.21 | 177.57 | 446.78 | OK | |
r-devel-linux-x86_64-fedora-clang | 0.5.9 | 735.06 | OK | |||
r-devel-linux-x86_64-fedora-gcc | 0.5.9 | 714.84 | OK | |||
r-devel-windows-x86_64 | 0.5.9 | 342.00 | 296.00 | 638.00 | OK | |
r-patched-linux-x86_64 | 0.5.9 | 289.41 | 226.63 | 516.04 | OK | |
r-release-linux-x86_64 | 0.5.9 | 208.72 | 217.44 | 426.16 | OK | |
r-release-macos-arm64 | 0.5.9 | 138.00 | NOTE | |||
r-release-macos-x86_64 | 0.5.9 | 231.00 | NOTE | |||
r-release-windows-x86_64 | 0.5.9 | 231.00 | 287.00 | 518.00 | OK | |
r-oldrel-macos-arm64 | 0.5.9 | 141.00 | NOTE | |||
r-oldrel-macos-x86_64 | 0.5.9 | 233.00 | NOTE | |||
r-oldrel-windows-ix86+x86_64 | 0.5.9 | 674.00 | 340.00 | 1014.00 | OK |
Version: 0.5.9
Check: installed package size
Result: NOTE
installed size is 40.2Mb
sub-directories of 1Mb or more:
libs 38.4Mb
Flavors: r-release-macos-arm64, r-release-macos-x86_64, r-oldrel-macos-arm64, r-oldrel-macos-x86_64