CRAN Package Check Results for Package fdaoutlier

Last updated on 2021-06-18 19:50:47 CEST.

Flavor Version Tinstall Tcheck Ttotal Status Flags
r-devel-linux-x86_64-debian-clang 0.2.0 6.95 41.82 48.77 OK
r-devel-linux-x86_64-debian-gcc 0.2.0 4.88 31.68 36.56 OK
r-devel-linux-x86_64-fedora-clang 0.2.0 70.51 NOTE
r-devel-linux-x86_64-fedora-gcc 0.2.0 57.49 NOTE
r-devel-windows-x86_64 0.2.0 13.00 48.00 61.00 OK
r-devel-windows-x86_64-gcc10-UCRT 0.2.0 NOTE
r-patched-linux-x86_64 0.2.0 7.03 39.77 46.80 OK
r-patched-solaris-x86 0.2.0 86.10 NOTE
r-release-linux-x86_64 0.2.0 6.73 39.62 46.35 OK
r-release-macos-arm64 0.2.0 NOTE
r-release-macos-x86_64 0.2.0 NOTE
r-release-windows-ix86+x86_64 0.2.0 19.00 73.00 92.00 OK
r-oldrel-macos-x86_64 0.2.0 NOTE
r-oldrel-windows-ix86+x86_64 0.2.0 16.00 71.00 87.00 OK

Check Details

Version: 0.2.0
Check: data for non-ASCII characters
Result: NOTE
     Note: found 75 marked UTF-8 strings
Flavors: r-devel-linux-x86_64-fedora-clang, r-devel-linux-x86_64-fedora-gcc, r-devel-windows-x86_64-gcc10-UCRT, r-patched-solaris-x86, r-release-macos-arm64, r-release-macos-x86_64, r-oldrel-macos-x86_64