CRAN Package Check Results for Package fdadensity

Last updated on 2021-04-14 23:47:10 CEST.

Flavor Version Tinstall Tcheck Ttotal Status Flags
r-devel-linux-x86_64-debian-clang 0.1.2 28.41 52.96 81.37 OK
r-devel-linux-x86_64-debian-gcc 0.1.2 17.39 39.74 57.13 OK
r-devel-linux-x86_64-fedora-clang 0.1.2 115.57 OK
r-devel-linux-x86_64-fedora-gcc 0.1.2 95.30 OK
r-devel-windows-ix86+x86_64 0.1.2 63.00 114.00 177.00 NOTE
r-devel-windows-x86_64-gcc10-UCRT 0.1.2 OK
r-patched-linux-x86_64 0.1.2 23.04 48.84 71.88 OK
r-patched-solaris-x86 0.1.2 122.40 OK
r-release-linux-x86_64 0.1.2 21.01 49.37 70.38 OK
r-release-macos-x86_64 0.1.2 OK
r-release-windows-ix86+x86_64 0.1.2 70.00 115.00 185.00 NOTE
r-oldrel-macos-x86_64 0.1.2 OK
r-oldrel-windows-ix86+x86_64 0.1.2 40.00 82.00 122.00 OK

Check Details

Version: 0.1.2
Check: installed package size
Result: NOTE
     installed size is 5.4Mb
     sub-directories of 1Mb or more:
     data 3.3Mb
     libs 2.0Mb
Flavors: r-devel-windows-ix86+x86_64, r-release-windows-ix86+x86_64