CRAN Package Check Results for Package fdaconcur

Last updated on 2024-04-21 00:57:26 CEST.

Flavor Version Tinstall Tcheck Ttotal Status Flags
r-devel-linux-x86_64-debian-clang 0.1.2 4.29 56.36 60.65 NOTE
r-devel-linux-x86_64-debian-gcc 0.1.2 3.55 39.54 43.09 NOTE
r-devel-linux-x86_64-fedora-clang 0.1.2 71.90 NOTE
r-devel-linux-x86_64-fedora-gcc 0.1.2 69.97 NOTE
r-prerel-macos-arm64 0.1.2 23.00 NOTE
r-prerel-windows-x86_64 0.1.2 6.00 62.00 68.00 NOTE
r-patched-linux-x86_64 0.1.2 2.80 53.15 55.95 NOTE
r-release-linux-x86_64 0.1.2 2.68 51.24 53.92 NOTE
r-release-macos-arm64 0.1.2 25.00 NOTE
r-release-macos-x86_64 0.1.2 59.00 NOTE
r-release-windows-x86_64 0.1.2 6.00 72.00 78.00 NOTE
r-oldrel-macos-arm64 0.1.2 33.00 NOTE
r-oldrel-windows-x86_64 0.1.2 6.00 76.00 82.00 NOTE

Check Details

Version: 0.1.2
Check: dependencies in R code
Result: NOTE Unexported object imported by a ':::' call: ‘fdapace:::interp2lin’ See the note in ?`:::` about the use of this operator. Flavors: r-devel-linux-x86_64-debian-clang, r-devel-linux-x86_64-debian-gcc, r-devel-linux-x86_64-fedora-clang, r-devel-linux-x86_64-fedora-gcc, r-prerel-macos-arm64, r-prerel-windows-x86_64, r-patched-linux-x86_64, r-release-linux-x86_64, r-release-macos-arm64, r-release-macos-x86_64, r-release-windows-x86_64, r-oldrel-macos-arm64, r-oldrel-windows-x86_64