CRAN Package Check Results for Package fcr

Last updated on 2021-09-21 15:50:51 CEST.

Flavor Version Tinstall Tcheck Ttotal Status Flags
r-devel-linux-x86_64-debian-clang 1.0 12.07 118.65 130.72 OK
r-devel-linux-x86_64-debian-gcc 1.0 9.11 85.90 95.01 OK
r-devel-linux-x86_64-fedora-clang 1.0 156.37 OK
r-devel-linux-x86_64-fedora-gcc 1.0 146.37 OK
r-devel-windows-x86_64 1.0 12.00 101.00 113.00 OK
r-devel-windows-x86_64-gcc10-UCRT 1.0 ERROR
r-patched-linux-x86_64 1.0 13.13 107.93 121.06 OK
r-patched-solaris-x86 1.0 218.60 OK
r-release-linux-x86_64 1.0 8.87 108.59 117.46 OK
r-release-macos-arm64 1.0 OK
r-release-macos-x86_64 1.0 OK
r-release-windows-ix86+x86_64 1.0 27.00 94.00 121.00 OK
r-oldrel-macos-x86_64 1.0 OK
r-oldrel-windows-ix86+x86_64 1.0 28.00 145.00 173.00 OK

Check Details

Version: 1.0
Check: whether package can be installed
Result: WARN
    Found the following significant warnings:
     WARNING: installation-time patches will not be applied, could not get the patches index
Flavor: r-devel-windows-x86_64-gcc10-UCRT

Version: 1.0
Check: PDF version of manual
Result: WARN
    LaTeX errors when creating PDF version.
    This typically indicates Rd problems.
Flavor: r-devel-windows-x86_64-gcc10-UCRT

Version: 1.0
Check: PDF version of manual without hyperrefs or index
Result: ERROR
    Re-running with no redirection of stdout/stderr.
Flavor: r-devel-windows-x86_64-gcc10-UCRT