Last updated on 2022-08-12 03:53:26 CEST.
Flavor | Version | Tinstall | Tcheck | Ttotal | Status | Flags |
---|---|---|---|---|---|---|
r-devel-linux-x86_64-debian-clang | 0.2.1 | 21.94 | 31.81 | 53.75 | NOTE | |
r-devel-linux-x86_64-debian-gcc | 0.2.1 | 21.19 | 24.47 | 45.66 | NOTE | |
r-devel-linux-x86_64-fedora-clang | 0.2.1 | 87.64 | NOTE | |||
r-devel-linux-x86_64-fedora-gcc | 0.2.1 | 78.10 | NOTE | |||
r-devel-windows-x86_64 | 0.2.1 | 41.00 | 78.00 | 119.00 | NOTE | |
r-patched-linux-x86_64 | 0.2.1 | 20.79 | 30.27 | 51.06 | NOTE | |
r-release-linux-x86_64 | 0.2.1 | 18.62 | 31.18 | 49.80 | NOTE | |
r-release-macos-arm64 | 0.2.1 | 24.00 | NOTE | |||
r-release-macos-x86_64 | 0.2.1 | 34.00 | NOTE | |||
r-release-windows-x86_64 | 0.2.1 | 171.00 | 79.00 | 250.00 | NOTE | |
r-oldrel-macos-arm64 | 0.2.1 | 28.00 | NOTE | |||
r-oldrel-macos-x86_64 | 0.2.1 | 41.00 | NOTE | |||
r-oldrel-windows-ix86+x86_64 | 0.2.1 | 63.00 | 77.00 | 140.00 | NOTE |
Version: 0.2.1
Check: LazyData
Result: NOTE
'LazyData' is specified without a 'data' directory
Flavors: r-devel-linux-x86_64-debian-clang, r-devel-linux-x86_64-debian-gcc, r-devel-linux-x86_64-fedora-clang, r-devel-linux-x86_64-fedora-gcc, r-devel-windows-x86_64, r-patched-linux-x86_64, r-release-linux-x86_64, r-release-macos-arm64, r-release-macos-x86_64, r-release-windows-x86_64, r-oldrel-macos-arm64, r-oldrel-macos-x86_64, r-oldrel-windows-ix86+x86_64