CRAN Package Check Results for Package fastTextR

Last updated on 2021-11-27 19:49:33 CET.

Flavor Version Tinstall Tcheck Ttotal Status Flags
r-devel-linux-x86_64-debian-clang 2.0.0 OK
r-devel-linux-x86_64-debian-gcc 2.0.0 92.75 25.28 118.03 OK
r-devel-linux-x86_64-fedora-clang 2.0.0 273.83 NOTE
r-devel-linux-x86_64-fedora-gcc 2.0.0 218.58 OK
r-devel-windows-x86_64-new-UL 2.0.0 172.00 108.00 280.00 OK
r-devel-windows-x86_64-new-TK 2.0.0 OK
r-devel-windows-x86_64-old 2.0.0 133.00 75.00 208.00 OK
r-patched-linux-x86_64 2.0.0 110.77 31.53 142.30 OK
r-patched-solaris-x86 2.0.0 199.90 OK
r-release-linux-x86_64 2.0.0 OK
r-release-macos-arm64 2.0.0 NOTE
r-release-macos-x86_64 2.0.0 NOTE
r-release-windows-ix86+x86_64 2.0.0 316.00 63.00 379.00 OK
r-oldrel-macos-x86_64 2.0.0 NOTE
r-oldrel-windows-ix86+x86_64 2.0.0 242.00 84.00 326.00 OK

Check Details

Version: 2.0.0
Check: installed package size
Result: NOTE
     installed size is 7.1Mb
     sub-directories of 1Mb or more:
     doc 1.9Mb
     libs 5.1Mb
Flavors: r-devel-linux-x86_64-fedora-clang, r-release-macos-arm64, r-release-macos-x86_64, r-oldrel-macos-x86_64