CRAN Package Check Results for Package fastLink

Last updated on 2021-02-25 19:46:33 CET.

Flavor Version Tinstall Tcheck Ttotal Status Flags
r-devel-linux-x86_64-debian-clang 0.6.0 69.58 125.89 195.47 OK
r-devel-linux-x86_64-debian-gcc 0.6.0 50.52 94.15 144.67 OK
r-devel-linux-x86_64-fedora-clang 0.6.0 251.10 NOTE
r-devel-linux-x86_64-fedora-gcc 0.6.0 230.95 OK
r-devel-windows-ix86+x86_64 0.6.0 98.00 163.00 261.00 NOTE
r-patched-linux-x86_64 0.6.0 45.96 114.76 160.72 OK
r-patched-solaris-x86 0.6.0 290.70 NOTE
r-release-linux-x86_64 0.6.0 42.02 115.31 157.33 OK
r-release-macos-x86_64 0.6.0 NOTE
r-release-windows-ix86+x86_64 0.6.0 152.00 202.00 354.00 NOTE
r-oldrel-macos-x86_64 0.6.0 NOTE
r-oldrel-windows-ix86+x86_64 0.6.0 96.00 182.00 278.00 NOTE

Check Details

Version: 0.6.0
Check: installed package size
Result: NOTE
     installed size is 7.6Mb
     sub-directories of 1Mb or more:
     data 4.8Mb
     libs 2.4Mb
Flavors: r-devel-linux-x86_64-fedora-clang, r-devel-windows-ix86+x86_64, r-patched-solaris-x86, r-release-macos-x86_64, r-release-windows-ix86+x86_64, r-oldrel-macos-x86_64, r-oldrel-windows-ix86+x86_64