Last updated on 2021-02-24 19:48:06 CET.
Flavor | Version | Tinstall | Tcheck | Ttotal | Status | Flags |
---|---|---|---|---|---|---|
r-devel-linux-x86_64-debian-clang | 1.0 | 3.50 | 45.33 | 48.83 | NOTE | |
r-devel-linux-x86_64-debian-gcc | 1.0 | 3.06 | 35.39 | 38.45 | NOTE | |
r-devel-linux-x86_64-fedora-clang | 1.0 | 68.60 | OK | |||
r-devel-linux-x86_64-fedora-gcc | 1.0 | 58.19 | OK | |||
r-devel-windows-ix86+x86_64 | 1.0 | 8.00 | 50.00 | 58.00 | NOTE | |
r-patched-linux-x86_64 | 1.0 | 4.04 | 43.93 | 47.97 | NOTE | |
r-patched-solaris-x86 | 1.0 | 89.80 | OK | |||
r-release-linux-x86_64 | 1.0 | 3.75 | 43.60 | 47.35 | NOTE | |
r-release-macos-x86_64 | 1.0 | OK | ||||
r-release-windows-ix86+x86_64 | 1.0 | 7.00 | 69.00 | 76.00 | NOTE | |
r-oldrel-macos-x86_64 | 1.0 | OK | ||||
r-oldrel-windows-ix86+x86_64 | 1.0 | 5.00 | 65.00 | 70.00 | OK |
Version: 1.0
Check: package vignettes
Result: NOTE
Package vignette with placeholder title 'Vignette Title':
'my-vignette.Rmd'
Flavors: r-devel-linux-x86_64-debian-clang, r-devel-linux-x86_64-debian-gcc, r-devel-windows-ix86+x86_64, r-patched-linux-x86_64, r-release-linux-x86_64, r-release-windows-ix86+x86_64