CRAN Package Check Results for Package factset.analyticsapi.engines

Last updated on 2021-06-20 19:50:25 CEST.

Flavor Version Tinstall Tcheck Ttotal Status Flags
r-devel-linux-x86_64-debian-clang 3.0.1 42.32 35.71 78.03 NOTE
r-devel-linux-x86_64-debian-gcc 3.0.1 32.87 27.64 60.51 NOTE
r-devel-linux-x86_64-fedora-clang 3.0.1 103.35 NOTE
r-devel-linux-x86_64-fedora-gcc 3.0.1 94.97 NOTE
r-devel-windows-x86_64 3.0.1 66.00 51.00 117.00 NOTE
r-devel-windows-x86_64-gcc10-UCRT 3.0.1 ERROR
r-patched-linux-x86_64 3.0.1 33.46 34.52 67.98 NOTE
r-patched-solaris-x86 3.0.1 113.00 NOTE
r-release-linux-x86_64 3.0.1 32.29 34.08 66.37 NOTE
r-release-macos-arm64 3.0.1 NOTE
r-release-macos-x86_64 3.0.1 NOTE
r-release-windows-ix86+x86_64 3.0.1 58.00 54.00 112.00 NOTE
r-oldrel-macos-x86_64 3.0.1 NOTE

Check Details

Version: 3.0.1
Check: LazyData
Result: NOTE
     'LazyData' is specified without a 'data' directory
Flavors: r-devel-linux-x86_64-debian-clang, r-devel-linux-x86_64-debian-gcc, r-devel-linux-x86_64-fedora-clang, r-devel-linux-x86_64-fedora-gcc, r-devel-windows-x86_64, r-patched-linux-x86_64, r-patched-solaris-x86, r-release-linux-x86_64, r-release-macos-arm64, r-release-macos-x86_64, r-release-windows-ix86+x86_64

Version: 3.0.1
Check: dependencies in R code
Result: NOTE
    Namespaces in Imports field not imported from:
     ‘R6’ ‘caTools’ ‘httr’ ‘jsonlite’ ‘rlang’
     All declared Imports should be used.
Flavors: r-devel-linux-x86_64-fedora-clang, r-devel-linux-x86_64-fedora-gcc, r-patched-solaris-x86, r-release-macos-arm64, r-release-macos-x86_64, r-oldrel-macos-x86_64

Version: 3.0.1
Check: package dependencies
Result: ERROR
    Package required but not available: 'httr'
    
    See section 'The DESCRIPTION file' in the 'Writing R Extensions'
    manual.
Flavor: r-devel-windows-x86_64-gcc10-UCRT