Last updated on 2022-05-22 23:51:43 CEST.
Flavor | Version | Tinstall | Tcheck | Ttotal | Status | Flags |
---|---|---|---|---|---|---|
r-devel-linux-x86_64-debian-clang | 3.0.1 | 48.36 | 44.34 | 92.70 | NOTE | |
r-devel-linux-x86_64-debian-gcc | 3.0.1 | 29.80 | 34.63 | 64.43 | NOTE | |
r-devel-linux-x86_64-fedora-clang | 3.0.1 | 106.75 | NOTE | |||
r-devel-linux-x86_64-fedora-gcc | 3.0.1 | 105.86 | NOTE | |||
r-devel-windows-x86_64 | 3.0.1 | 926.00 | 66.00 | 992.00 | NOTE | |
r-patched-linux-x86_64 | 3.0.1 | 36.50 | 43.50 | 80.00 | NOTE | |
r-release-linux-x86_64 | 3.0.1 | 37.56 | 43.08 | 80.64 | NOTE | |
r-release-macos-arm64 | 3.0.1 | 30.00 | NOTE | |||
r-release-macos-x86_64 | 3.0.1 | 40.00 | NOTE | |||
r-release-windows-x86_64 | 3.0.1 | 1125.00 | 63.00 | 1188.00 | NOTE | |
r-oldrel-macos-arm64 | 3.0.1 | 36.00 | NOTE | |||
r-oldrel-macos-x86_64 | 3.0.1 | 45.00 | NOTE | |||
r-oldrel-windows-ix86+x86_64 | 3.0.1 | 62.00 | 51.00 | 113.00 | NOTE |
Version: 3.0.1
Check: LazyData
Result: NOTE
'LazyData' is specified without a 'data' directory
Flavors: r-devel-linux-x86_64-debian-clang, r-devel-linux-x86_64-debian-gcc, r-devel-linux-x86_64-fedora-clang, r-devel-linux-x86_64-fedora-gcc, r-devel-windows-x86_64, r-patched-linux-x86_64, r-release-linux-x86_64, r-release-macos-arm64, r-release-macos-x86_64, r-release-windows-x86_64, r-oldrel-macos-arm64, r-oldrel-macos-x86_64, r-oldrel-windows-ix86+x86_64
Version: 3.0.1
Check: dependencies in R code
Result: NOTE
Namespaces in Imports field not imported from:
‘R6’ ‘caTools’ ‘httr’ ‘jsonlite’ ‘rlang’
All declared Imports should be used.
Flavors: r-devel-linux-x86_64-fedora-clang, r-devel-linux-x86_64-fedora-gcc, r-release-macos-arm64, r-release-macos-x86_64, r-oldrel-macos-arm64, r-oldrel-macos-x86_64