CRAN Package Check Results for Package factorstochvol

Last updated on 2025-04-30 15:51:34 CEST.

Flavor Version Tinstall Tcheck Ttotal Status Flags
r-devel-linux-x86_64-debian-clang 1.1.0 84.59 81.49 166.08 OK
r-devel-linux-x86_64-debian-gcc 1.1.0 55.72 56.31 112.03 OK
r-devel-linux-x86_64-fedora-clang 1.1.0 289.02 OK
r-devel-linux-x86_64-fedora-gcc 1.1.0 290.40 OK
r-devel-windows-x86_64 1.1.0 89.00 159.00 248.00 OK
r-patched-linux-x86_64 1.1.0 82.82 77.26 160.08 OK
r-release-linux-x86_64 1.1.0 82.86 77.15 160.01 OK
r-release-macos-arm64 1.1.0 90.00 OK
r-release-macos-x86_64 1.1.0 120.00 OK
r-release-windows-x86_64 1.1.0 87.00 138.00 225.00 OK
r-oldrel-macos-arm64 1.1.0 76.00 NOTE
r-oldrel-macos-x86_64 1.1.0 92.00 NOTE
r-oldrel-windows-x86_64 1.1.0 102.00 157.00 259.00 OK

Check Details

Version: 1.1.0
Check: installed package size
Result: NOTE installed size is 7.6Mb sub-directories of 1Mb or more: doc 2.5Mb libs 4.7Mb Flavors: r-oldrel-macos-arm64, r-oldrel-macos-x86_64