CRAN Package Check Results for Package factorcpt

Last updated on 2021-04-20 23:47:42 CEST.

Flavor Version Tinstall Tcheck Ttotal Status Flags
r-devel-linux-x86_64-debian-clang 0.1.2 30.70 49.57 80.27 NOTE
r-devel-linux-x86_64-debian-gcc 0.1.2 20.56 38.23 58.79 NOTE
r-devel-linux-x86_64-fedora-clang 0.1.2 110.52 NOTE
r-devel-linux-x86_64-fedora-gcc 0.1.2 96.61 NOTE
r-devel-windows-ix86+x86_64 0.1.2 70.00 117.00 187.00 NOTE
r-devel-windows-x86_64-gcc10-UCRT 0.1.2 NOTE
r-patched-linux-x86_64 0.1.2 24.37 46.66 71.03 OK
r-patched-solaris-x86 0.1.2 211.80 OK
r-release-linux-x86_64 0.1.2 22.92 46.32 69.24 OK
r-release-macos-x86_64 0.1.2 OK
r-release-windows-ix86+x86_64 0.1.2 70.00 160.00 230.00 OK
r-oldrel-macos-x86_64 0.1.2 OK
r-oldrel-windows-ix86+x86_64 0.1.2 52.00 146.00 198.00 OK

Check Details

Version: 0.1.2
Check: LazyData
Result: NOTE
     'LazyData' is specified without a 'data' directory
Flavors: r-devel-linux-x86_64-debian-clang, r-devel-linux-x86_64-debian-gcc, r-devel-linux-x86_64-fedora-clang, r-devel-linux-x86_64-fedora-gcc, r-devel-windows-ix86+x86_64, r-devel-windows-x86_64-gcc10-UCRT

Version: 0.1.2
Check: compiled code
Result: NOTE
    File ‘factorcpt/libs/factorcpt.so’:
     Found no calls to: ‘R_registerRoutines’, ‘R_useDynamicSymbols’
    
    It is good practice to register native routines and to disable symbol
    search.
    
    See ‘Writing portable packages’ in the ‘Writing R Extensions’ manual.
Flavors: r-devel-linux-x86_64-fedora-clang, r-devel-linux-x86_64-fedora-gcc