Last updated on 2021-01-23 07:55:07 CET.
Flavor | Version | Tinstall | Tcheck | Ttotal | Status | Flags |
---|---|---|---|---|---|---|
r-devel-linux-x86_64-debian-clang | 3042.83.1 | 23.83 | 159.54 | 183.37 | NOTE | |
r-devel-linux-x86_64-debian-gcc | 3042.83.1 | 18.00 | 119.64 | 137.64 | NOTE | |
r-devel-linux-x86_64-fedora-clang | 3042.83.1 | 230.84 | NOTE | |||
r-devel-linux-x86_64-fedora-gcc | 3042.83.1 | 229.39 | NOTE | |||
r-devel-windows-ix86+x86_64 | 3042.83.1 | 48.00 | 167.00 | 215.00 | NOTE | |
r-patched-linux-x86_64 | 3042.83.1 | 23.29 | 143.88 | 167.17 | NOTE | |
r-patched-solaris-x86 | 3042.83.1 | 283.40 | NOTE | |||
r-release-linux-x86_64 | 3042.83.1 | 21.15 | 145.68 | 166.83 | NOTE | |
r-release-macos-x86_64 | 3042.83.1 | NOTE | ||||
r-release-windows-ix86+x86_64 | 3042.83.1 | 50.00 | 165.00 | 215.00 | NOTE | |
r-oldrel-macos-x86_64 | 3042.83.1 | NOTE | ||||
r-oldrel-windows-ix86+x86_64 | 3042.83.1 | 34.00 | 158.00 | 192.00 | NOTE |
Version: 3042.83.1
Check: package dependencies
Result: NOTE
Packages suggested but not available for checking:
'Rsocp', 'Rnlminb2', 'Rdonlp2'
Flavors: r-devel-linux-x86_64-debian-clang, r-devel-linux-x86_64-debian-gcc, r-devel-linux-x86_64-fedora-clang, r-devel-linux-x86_64-fedora-gcc, r-devel-windows-ix86+x86_64, r-patched-linux-x86_64, r-release-linux-x86_64, r-release-windows-ix86+x86_64, r-oldrel-windows-ix86+x86_64
Version: 3042.83.1
Check: package dependencies
Result: NOTE
Packages suggested but not available for checking:
'Rsocp', 'Rnlminb2', 'Rdonlp2', 'Rsymphony'
Flavors: r-patched-solaris-x86, r-release-macos-x86_64, r-oldrel-macos-x86_64