CRAN Package Check Results for Package fOptions

Last updated on 2021-01-20 03:48:05 CET.

Flavor Version Tinstall Tcheck Ttotal Status Flags
r-devel-linux-x86_64-debian-clang 3042.86 9.60 67.37 76.97 OK
r-devel-linux-x86_64-debian-gcc 3042.86 8.33 49.25 57.58 OK
r-devel-linux-x86_64-fedora-clang 3042.86 96.26 NOTE
r-devel-linux-x86_64-fedora-gcc 3042.86 87.97 NOTE
r-devel-windows-ix86+x86_64 3042.86 16.00 97.00 113.00 OK
r-patched-linux-x86_64 3042.86 9.81 61.00 70.81 OK
r-patched-solaris-x86 3042.86 120.40 OK
r-release-linux-x86_64 3042.86 9.23 60.62 69.85 OK
r-release-macos-x86_64 3042.86 OK
r-release-windows-ix86+x86_64 3042.86 18.00 90.00 108.00 OK
r-oldrel-macos-x86_64 3042.86 OK
r-oldrel-windows-ix86+x86_64 3042.86 13.00 76.00 89.00 OK

Check Details

Version: 3042.86
Check: compiled code
Result: NOTE
    File ‘fOptions/libs/fOptions.so’:
     Found no calls to: ‘R_registerRoutines’, ‘R_useDynamicSymbols’
    
    It is good practice to register native routines and to disable symbol
    search.
    
    See ‘Writing portable packages’ in the ‘Writing R Extensions’ manual.
Flavors: r-devel-linux-x86_64-fedora-clang, r-devel-linux-x86_64-fedora-gcc