CRAN Package Check Results for Package fNonlinear

Last updated on 2021-01-26 15:49:45 CET.

Flavor Version Tinstall Tcheck Ttotal Status Flags
r-devel-linux-x86_64-debian-clang 3042.79 7.63 83.21 90.84 OK
r-devel-linux-x86_64-debian-gcc 3042.79 5.01 59.48 64.49 OK
r-devel-linux-x86_64-fedora-clang 3042.79 114.71 NOTE
r-devel-linux-x86_64-fedora-gcc 3042.79 100.01 NOTE
r-devel-windows-ix86+x86_64 3042.79 18.00 151.00 169.00 OK
r-patched-linux-x86_64 3042.79 6.68 75.79 82.47 OK
r-patched-solaris-x86 3042.79 136.60 OK
r-release-linux-x86_64 3042.79 6.36 75.80 82.16 OK
r-release-macos-x86_64 3042.79 OK
r-release-windows-ix86+x86_64 3042.79 18.00 106.00 124.00 OK
r-oldrel-macos-x86_64 3042.79 OK
r-oldrel-windows-ix86+x86_64 3042.79 13.00 139.00 152.00 OK

Check Details

Version: 3042.79
Check: compiled code
Result: NOTE
    File ‘fNonlinear/libs/fNonlinear.so’:
     Found no calls to: ‘R_registerRoutines’, ‘R_useDynamicSymbols’
    
    It is good practice to register native routines and to disable symbol
    search.
    
    See ‘Writing portable packages’ in the ‘Writing R Extensions’ manual.
Flavors: r-devel-linux-x86_64-fedora-clang, r-devel-linux-x86_64-fedora-gcc