CRAN Package Check Results for Package fBonds

Last updated on 2021-06-17 07:49:04 CEST.

Flavor Version Tinstall Tcheck Ttotal Status Flags
r-devel-linux-x86_64-debian-clang 3042.78 5.57 47.49 53.06 NOTE
r-devel-linux-x86_64-debian-gcc 3042.78 3.67 36.76 40.43 NOTE
r-devel-linux-x86_64-fedora-clang 3042.78 72.11 NOTE
r-devel-linux-x86_64-fedora-gcc 3042.78 63.30 NOTE
r-devel-windows-x86_64 3042.78 8.00 48.00 56.00 NOTE
r-devel-windows-x86_64-gcc10-UCRT 3042.78 NOTE
r-patched-linux-x86_64 3042.78 5.31 46.81 52.12 NOTE
r-patched-solaris-x86 3042.78 89.50 NOTE
r-release-linux-x86_64 3042.78 5.21 46.32 51.53 NOTE
r-release-macos-arm64 3042.78 NOTE
r-release-macos-x86_64 3042.78 NOTE
r-release-windows-ix86+x86_64 3042.78 12.00 60.00 72.00 NOTE
r-oldrel-macos-x86_64 3042.78 OK
r-oldrel-windows-ix86+x86_64 3042.78 8.00 67.00 75.00 OK

Check Details

Version: 3042.78
Check: LazyData
Result: NOTE
     'LazyData' is specified without a 'data' directory
Flavors: r-devel-linux-x86_64-debian-clang, r-devel-linux-x86_64-debian-gcc, r-devel-linux-x86_64-fedora-clang, r-devel-linux-x86_64-fedora-gcc, r-devel-windows-x86_64, r-devel-windows-x86_64-gcc10-UCRT, r-patched-linux-x86_64, r-patched-solaris-x86, r-release-linux-x86_64, r-release-macos-arm64, r-release-macos-x86_64, r-release-windows-ix86+x86_64