Last updated on 2022-05-22 23:51:43 CEST.
Flavor | Version | Tinstall | Tcheck | Ttotal | Status | Flags |
---|---|---|---|---|---|---|
r-devel-linux-x86_64-debian-clang | 3042.78 | 4.51 | 61.49 | 66.00 | NOTE | |
r-devel-linux-x86_64-debian-gcc | 3042.78 | 4.42 | 46.53 | 50.95 | NOTE | |
r-devel-linux-x86_64-fedora-clang | 3042.78 | 79.96 | NOTE | |||
r-devel-linux-x86_64-fedora-gcc | 3042.78 | 78.13 | NOTE | |||
r-devel-windows-x86_64 | 3042.78 | 12.00 | 80.00 | 92.00 | NOTE | |
r-patched-linux-x86_64 | 3042.78 | 5.22 | 60.62 | 65.84 | NOTE | |
r-release-linux-x86_64 | 3042.78 | 5.52 | 58.21 | 63.73 | NOTE | |
r-release-macos-arm64 | 3042.78 | 26.00 | NOTE | |||
r-release-macos-x86_64 | 3042.78 | 34.00 | NOTE | |||
r-release-windows-x86_64 | 3042.78 | 12.00 | 75.00 | 87.00 | NOTE | |
r-oldrel-macos-arm64 | 3042.78 | 33.00 | NOTE | |||
r-oldrel-macos-x86_64 | 3042.78 | 43.00 | NOTE | |||
r-oldrel-windows-ix86+x86_64 | 3042.78 | 13.00 | 66.00 | 79.00 | NOTE |
Version: 3042.78
Check: LazyData
Result: NOTE
'LazyData' is specified without a 'data' directory
Flavors: r-devel-linux-x86_64-debian-clang, r-devel-linux-x86_64-debian-gcc, r-devel-linux-x86_64-fedora-clang, r-devel-linux-x86_64-fedora-gcc, r-devel-windows-x86_64, r-patched-linux-x86_64, r-release-linux-x86_64, r-release-macos-arm64, r-release-macos-x86_64, r-release-windows-x86_64, r-oldrel-macos-arm64, r-oldrel-macos-x86_64, r-oldrel-windows-ix86+x86_64