CRAN Package Check Results for Package ezr

Last updated on 2024-06-13 12:49:35 CEST.

Flavor Version Tinstall Tcheck Ttotal Status Flags
r-devel-linux-x86_64-debian-clang 0.1.5 9.56 66.43 75.99 NOTE
r-devel-linux-x86_64-debian-gcc 0.1.5 0.29 1.59 1.88 ERROR
r-devel-linux-x86_64-fedora-clang 0.1.5 97.81 NOTE
r-devel-linux-x86_64-fedora-gcc 0.1.5 87.58 NOTE
r-devel-windows-x86_64 0.1.5 9.00 67.00 76.00 NOTE
r-patched-linux-x86_64 0.1.5 7.09 64.22 71.31 NOTE
r-release-linux-x86_64 0.1.5 7.64 64.92 72.56 NOTE
r-release-macos-arm64 0.1.5 30.00 NOTE
r-release-macos-x86_64 0.1.5 42.00 NOTE
r-release-windows-x86_64 0.1.5 8.00 68.00 76.00 NOTE
r-oldrel-macos-arm64 0.1.5 30.00 NOTE
r-oldrel-macos-x86_64 0.1.5 44.00 NOTE
r-oldrel-windows-x86_64 0.1.5 10.00 79.00 89.00 NOTE

Check Details

Version: 0.1.5
Check: LazyData
Result: NOTE 'LazyData' is specified without a 'data' directory Flavors: r-devel-linux-x86_64-debian-clang, r-devel-linux-x86_64-fedora-clang, r-devel-linux-x86_64-fedora-gcc, r-devel-windows-x86_64, r-patched-linux-x86_64, r-release-linux-x86_64, r-release-macos-arm64, r-release-macos-x86_64, r-release-windows-x86_64, r-oldrel-macos-arm64, r-oldrel-macos-x86_64, r-oldrel-windows-x86_64

Version: 0.1.5
Check: package dependencies
Result: ERROR Packages required but not available: 'ggplot2', 'ggridges', 'weights' See section ‘The DESCRIPTION file’ in the ‘Writing R Extensions’ manual. Flavor: r-devel-linux-x86_64-debian-gcc