CRAN Package Check Results for Package extras

Last updated on 2021-09-20 15:52:42 CEST.

Flavor Version Tinstall Tcheck Ttotal Status Flags
r-devel-linux-x86_64-debian-clang 0.2.0 3.74 36.70 40.44 OK
r-devel-linux-x86_64-debian-gcc 0.2.0 2.87 28.26 31.13 OK
r-devel-linux-x86_64-fedora-clang 0.2.0 56.93 OK
r-devel-linux-x86_64-fedora-gcc 0.2.0 46.72 OK
r-devel-windows-x86_64 0.2.0 5.00 46.00 51.00 OK
r-devel-windows-x86_64-gcc10-UCRT 0.2.0 ERROR
r-patched-linux-x86_64 0.2.0 4.39 35.31 39.70 OK
r-patched-solaris-x86 0.2.0 69.20 OK
r-release-linux-x86_64 0.2.0 3.40 35.02 38.42 OK
r-release-macos-arm64 0.2.0 OK
r-release-macos-x86_64 0.2.0 OK
r-release-windows-ix86+x86_64 0.2.0 7.00 44.00 51.00 OK
r-oldrel-macos-x86_64 0.2.0 OK
r-oldrel-windows-ix86+x86_64 0.2.0 7.00 56.00 63.00 OK

Check Details

Version: 0.2.0
Check: whether package can be installed
Result: WARN
    Found the following significant warnings:
     WARNING: installation-time patches will not be applied, could not get the patches index
Flavor: r-devel-windows-x86_64-gcc10-UCRT

Version: 0.2.0
Check: PDF version of manual
Result: WARN
    LaTeX errors when creating PDF version.
    This typically indicates Rd problems.
Flavor: r-devel-windows-x86_64-gcc10-UCRT

Version: 0.2.0
Check: PDF version of manual without hyperrefs or index
Result: ERROR
    Re-running with no redirection of stdout/stderr.
Flavor: r-devel-windows-x86_64-gcc10-UCRT